157.15.40.28 - - [08/Apr/2026:17:29:23 -0400] "GET /wp-includes/PHPMailer/index.php HTTP/1.1" 503 856 "-" "Mozilla/5.0 (Macintosh; Intel Mac OS X 10_15_7) AppleWebKit/537.36 (KHTML, like Gecko) Chrome/120.0.0.0 Safari/537.36"
157.15.40.28 - - [08/Apr/2026:17:29:26 -0400] "GET /wp-includes/PHPMailer/index.php HTTP/1.1" 503 856 "-" "Mozilla/5.0 (Macintosh; Intel Mac OS X 10_15_7) AppleWebKit/537.36 (KHTML, like Gecko) Chrome/120.0.0.0 Safari/537.36"
157.15.40.28 - - [08/Apr/2026:17:29:31 -0400] "GET /wp-includes/PHPMailer/index.php HTTP/1.1" 503 856 "-" "Mozilla/5.0 (Macintosh; Intel Mac OS X 10_15_7) AppleWebKit/537.36 (KHTML, like Gecko) Chrome/120.0.0.0 Safari/537.36"
157.15.40.28 - - [08/Apr/2026:17:29:36 -0400] "GET /wp-includes/PHPMailer/index.php HTTP/1.1" 503 856 "-" "Mozilla/5.0 (Macintosh; Intel Mac OS X 10_15_7) AppleWebKit/537.36 (KHTML, like Gecko) Chrome/120.0.0.0 Safari/537.36"
157.15.40.28 - - [08/Apr/2026:17:29:36 -0400] "GET /wp-includes/PHPMailer/index.php HTTP/1.1" 503 856 "-" "Mozilla/5.0 (Macintosh; Intel Mac OS X 10_15_7) AppleWebKit/537.36 (KHTML, like Gecko) Chrome/120.0.0.0 Safari/537.36"
157.15.40.28 - - [08/Apr/2026:17:29:40 -0400] "GET /wp-includes/PHPMailer/index.php HTTP/1.1" 503 856 "-" "Mozilla/5.0 (Macintosh; Intel Mac OS X 10_15_7) AppleWebKit/537.36 (KHTML, like Gecko) Chrome/120.0.0.0 Safari/537.36"
157.15.40.28 - - [08/Apr/2026:17:29:45 -0400] "GET /wp-includes/PHPMailer/index.php HTTP/1.1" 503 856 "-" "Mozilla/5.0 (Macintosh; Intel Mac OS X 10_15_7) AppleWebKit/537.36 (KHTML, like Gecko) Chrome/120.0.0.0 Safari/537.36"
157.15.40.28 - - [08/Apr/2026:17:29:49 -0400] "GET /wp-includes/PHPMailer/php.php HTTP/1.1" 503 856 "-" "Mozilla/5.0 (Macintosh; Intel Mac OS X 10_15_7) AppleWebKit/537.36 (KHTML, like Gecko) Chrome/120.0.0.0 Safari/537.36"
157.15.40.28 - - [08/Apr/2026:17:29:49 -0400] "GET /wp-includes/PHPMailer/php.php HTTP/1.1" 503 856 "-" "Mozilla/5.0 (Macintosh; Intel Mac OS X 10_15_7) AppleWebKit/537.36 (KHTML, like Gecko) Chrome/120.0.0.0 Safari/537.36"
157.245.156.14 - - [08/Apr/2026:17:29:51 -0400] "GET /simple.php HTTP/1.1" 200 446 "-" "Mozilla/5.0 (Linux; Android 11; M2010J19SI) AppleWebKit/537.36 (KHTML, like Gecko) Chrome/109.0.0.0 Mobile Safari/537.36"
157.245.156.14 - - [08/Apr/2026:17:29:52 -0400] "GET /cong.php HTTP/1.1" 200 446 "-" "Mozilla/5.0 (Linux; Android 11; M2010J19SI) AppleWebKit/537.36 (KHTML, like Gecko) Chrome/109.0.0.0 Mobile Safari/537.36"
157.245.156.14 - - [08/Apr/2026:17:29:52 -0400] "GET /xxx.php HTTP/1.1" 200 446 "-" "Mozilla/5.0 (Linux; Android 11; M2010J19SI) AppleWebKit/537.36 (KHTML, like Gecko) Chrome/109.0.0.0 Mobile Safari/537.36"
157.245.156.14 - - [08/Apr/2026:17:29:53 -0400] "GET /tmpls.php HTTP/1.1" 200 446 "-" "Mozilla/5.0 (Linux; Android 11; M2010J19SI) AppleWebKit/537.36 (KHTML, like Gecko) Chrome/109.0.0.0 Mobile Safari/537.36"
157.245.156.14 - - [08/Apr/2026:17:29:54 -0400] "GET /wp-content/themes/travelscape/json.php HTTP/1.1" 503 856 "-" "Mozilla/5.0 (Linux; Android 11; M2010J19SI) AppleWebKit/537.36 (KHTML, like Gecko) Chrome/109.0.0.0 Mobile Safari/537.36"
157.15.40.28 - - [08/Apr/2026:17:29:54 -0400] "GET /wp-includes/PHPMailer/php.php HTTP/1.1" 503 856 "-" "Mozilla/5.0 (Macintosh; Intel Mac OS X 10_15_7) AppleWebKit/537.36 (KHTML, like Gecko) Chrome/120.0.0.0 Safari/537.36"
157.245.156.14 - - [08/Apr/2026:17:29:54 -0400] "GET /chosen.php?p= HTTP/1.1" 200 446 "-" "Mozilla/5.0 (Linux; Android 11; M2010J19SI) AppleWebKit/537.36 (KHTML, like Gecko) Chrome/109.0.0.0 Mobile Safari/537.36"
157.245.156.14 - - [08/Apr/2026:17:29:55 -0400] "GET /wp-cron.php?ac=3 HTTP/1.1" 503 856 "-" "Mozilla/5.0 (Linux; Android 11; M2010J19SI) AppleWebKit/537.36 (KHTML, like Gecko) Chrome/109.0.0.0 Mobile Safari/537.36"
157.245.156.14 - - [08/Apr/2026:17:29:55 -0400] "GET /wp-content/themes/pridmag/db.php?u HTTP/1.1" 503 856 "-" "Mozilla/5.0 (Linux; Android 11; M2010J19SI) AppleWebKit/537.36 (KHTML, like Gecko) Chrome/109.0.0.0 Mobile Safari/537.36"
157.245.156.14 - - [08/Apr/2026:17:29:56 -0400] "GET /wp-content/themes/seotheme/mar.php HTTP/1.1" 503 856 "-" "Mozilla/5.0 (Linux; Android 11; M2010J19SI) AppleWebKit/537.36 (KHTML, like Gecko) Chrome/109.0.0.0 Mobile Safari/537.36"
157.245.156.14 - - [08/Apr/2026:17:29:56 -0400] "GET /Njima.php HTTP/1.1" 200 446 "-" "Mozilla/5.0 (Linux; Android 11; M2010J19SI) AppleWebKit/537.36 (KHTML, like Gecko) Chrome/109.0.0.0 Mobile Safari/537.36"
157.245.156.14 - - [08/Apr/2026:17:29:56 -0400] "GET /wp-admin/images/Mhbgf.php HTTP/1.1" 503 856 "-" "Mozilla/5.0 (Linux; Android 11; M2010J19SI) AppleWebKit/537.36 (KHTML, like Gecko) Chrome/109.0.0.0 Mobile Safari/537.36"
157.245.156.14 - - [08/Apr/2026:17:29:57 -0400] "GET /wp-admin/css/index.php HTTP/1.1" 503 856 "-" "Mozilla/5.0 (Linux; Android 11; M2010J19SI) AppleWebKit/537.36 (KHTML, like Gecko) Chrome/109.0.0.0 Mobile Safari/537.36"
157.245.156.14 - - [08/Apr/2026:17:29:57 -0400] "GET /wp-admin/css/ysirlifn.php HTTP/1.1" 503 856 "-" "Mozilla/5.0 (Linux; Android 11; M2010J19SI) AppleWebKit/537.36 (KHTML, like Gecko) Chrome/109.0.0.0 Mobile Safari/537.36"
157.245.156.14 - - [08/Apr/2026:17:29:58 -0400] "GET /repeater.php HTTP/1.1" 200 446 "-" "Mozilla/5.0 (Linux; Android 11; M2010J19SI) AppleWebKit/537.36 (KHTML, like Gecko) Chrome/109.0.0.0 Mobile Safari/537.36"
157.245.156.14 - - [08/Apr/2026:17:29:58 -0400] "GET /wp-content/plugins/linkpreview/db.php?u HTTP/1.1" 503 856 "-" "Mozilla/5.0 (Linux; Android 11; M2010J19SI) AppleWebKit/537.36 (KHTML, like Gecko) Chrome/109.0.0.0 Mobile Safari/537.36"
157.245.156.14 - - [08/Apr/2026:17:29:58 -0400] "GET /ioxi002.PhP7 HTTP/1.1" 200 446 "-" "Mozilla/5.0 (Linux; Android 11; M2010J19SI) AppleWebKit/537.36 (KHTML, like Gecko) Chrome/109.0.0.0 Mobile Safari/537.36"
157.245.156.14 - - [08/Apr/2026:17:29:59 -0400] "GET /radio.php HTTP/1.1" 200 446 "-" "Mozilla/5.0 (Linux; Android 11; M2010J19SI) AppleWebKit/537.36 (KHTML, like Gecko) Chrome/109.0.0.0 Mobile Safari/537.36"
157.245.156.14 - - [08/Apr/2026:17:29:59 -0400] "GET /radio.php HTTP/1.1" 200 446 "-" "Mozilla/5.0 (Linux; Android 11; M2010J19SI) AppleWebKit/537.36 (KHTML, like Gecko) Chrome/109.0.0.0 Mobile Safari/537.36"
157.15.40.28 - - [08/Apr/2026:17:29:59 -0400] "GET /wp-includes/PHPMailer/php.php HTTP/1.1" 503 856 "-" "Mozilla/5.0 (Macintosh; Intel Mac OS X 10_15_7) AppleWebKit/537.36 (KHTML, like Gecko) Chrome/120.0.0.0 Safari/537.36"
157.245.156.14 - - [08/Apr/2026:17:30:00 -0400] "GET /wp-admin/css/colors/index.php HTTP/1.1" 503 856 "-" "Mozilla/5.0 (Linux; Android 11; M2010J19SI) AppleWebKit/537.36 (KHTML, like Gecko) Chrome/109.0.0.0 Mobile Safari/537.36"
157.245.156.14 - - [08/Apr/2026:17:30:00 -0400] "GET /ofso64.php HTTP/1.1" 200 446 "-" "Mozilla/5.0 (Linux; Android 11; M2010J19SI) AppleWebKit/537.36 (KHTML, like Gecko) Chrome/109.0.0.0 Mobile Safari/537.36"
157.245.156.14 - - [08/Apr/2026:17:30:00 -0400] "GET /wp-content/plugins/TOPXHOH/wDR.php HTTP/1.1" 503 856 "-" "Mozilla/5.0 (Linux; Android 11; M2010J19SI) AppleWebKit/537.36 (KHTML, like Gecko) Chrome/109.0.0.0 Mobile Safari/537.36"
157.245.156.14 - - [08/Apr/2026:17:30:01 -0400] "GET /wp-content/plugins/IOptimize.php?rchk HTTP/1.1" 503 856 "-" "Mozilla/5.0 (Linux; Android 11; M2010J19SI) AppleWebKit/537.36 (KHTML, like Gecko) Chrome/109.0.0.0 Mobile Safari/537.36"
157.245.156.14 - - [08/Apr/2026:17:30:01 -0400] "GET /wp-content/themes/ccx/index.php HTTP/1.1" 503 856 "-" "Mozilla/5.0 (Linux; Android 11; M2010J19SI) AppleWebKit/537.36 (KHTML, like Gecko) Chrome/109.0.0.0 Mobile Safari/537.36"
157.15.40.28 - - [08/Apr/2026:17:30:02 -0400] "GET /wp-includes/PHPMailer/php.php HTTP/1.1" 503 856 "-" "Mozilla/5.0 (Macintosh; Intel Mac OS X 10_15_7) AppleWebKit/537.36 (KHTML, like Gecko) Chrome/120.0.0.0 Safari/537.36"
157.15.40.28 - - [08/Apr/2026:17:30:02 -0400] "GET /wp-includes/PHPMailer/php.php HTTP/1.1" 503 856 "-" "Mozilla/5.0 (Macintosh; Intel Mac OS X 10_15_7) AppleWebKit/537.36 (KHTML, like Gecko) Chrome/120.0.0.0 Safari/537.36"
157.245.156.14 - - [08/Apr/2026:17:30:02 -0400] "GET /wp-content/uploads/2017-------/09/wp-console.php HTTP/1.1" 503 856 "-" "Mozilla/5.0 (Linux; Android 11; M2010J19SI) AppleWebKit/537.36 (KHTML, like Gecko) Chrome/109.0.0.0 Mobile Safari/537.36"
157.245.156.14 - - [08/Apr/2026:17:30:03 -0400] "GET /wp-includes/js/crop/uword.php HTTP/1.1" 503 856 "-" "Mozilla/5.0 (Linux; Android 11; M2010J19SI) AppleWebKit/537.36 (KHTML, like Gecko) Chrome/109.0.0.0 Mobile Safari/537.36"
157.15.40.28 - - [08/Apr/2026:17:30:05 -0400] "GET /wp-includes/PHPMailer/php.php HTTP/1.1" 503 856 "-" "Mozilla/5.0 (Macintosh; Intel Mac OS X 10_15_7) AppleWebKit/537.36 (KHTML, like Gecko) Chrome/120.0.0.0 Safari/537.36"
157.245.156.14 - - [08/Apr/2026:17:30:05 -0400] "GET /wp-content/themes/bltm/wp-login.php HTTP/1.1" 503 856 "-" "Mozilla/5.0 (Linux; Android 11; M2010J19SI) AppleWebKit/537.36 (KHTML, like Gecko) Chrome/109.0.0.0 Mobile Safari/537.36"
157.245.156.14 - - [08/Apr/2026:17:30:06 -0400] "GET /autoload_classmap.php HTTP/1.1" 200 446 "-" "Mozilla/5.0 (Linux; Android 11; M2010J19SI) AppleWebKit/537.36 (KHTML, like Gecko) Chrome/109.0.0.0 Mobile Safari/537.36"
157.245.156.14 - - [08/Apr/2026:17:30:06 -0400] "GET /wp-content/uploads/2014/07/olx.php HTTP/1.1" 503 856 "-" "Mozilla/5.0 (Linux; Android 11; M2010J19SI) AppleWebKit/537.36 (KHTML, like Gecko) Chrome/109.0.0.0 Mobile Safari/537.36"
157.245.156.14 - - [08/Apr/2026:17:30:08 -0400] "GET /wp-admin/css/colors/midnight/index.php HTTP/1.1" 503 856 "-" "Mozilla/5.0 (Linux; Android 11; M2010J19SI) AppleWebKit/537.36 (KHTML, like Gecko) Chrome/109.0.0.0 Mobile Safari/537.36"
157.245.156.14 - - [08/Apr/2026:17:30:09 -0400] "GET /wp-content/uploads/2020/wp-couldent.php.suspected HTTP/1.1" 503 856 "-" "Mozilla/5.0 (Linux; Android 11; M2010J19SI) AppleWebKit/537.36 (KHTML, like Gecko) Chrome/109.0.0.0 Mobile Safari/537.36"
157.245.156.14 - - [08/Apr/2026:17:30:10 -0400] "GET /wp-content/plugins/523453244/ninja.php HTTP/1.1" 503 856 "-" "Mozilla/5.0 (Linux; Android 11; M2010J19SI) AppleWebKit/537.36 (KHTML, like Gecko) Chrome/109.0.0.0 Mobile Safari/537.36"
157.245.156.14 - - [08/Apr/2026:17:30:10 -0400] "GET /wp-includes/js/imgareaselect/index.php HTTP/1.1" 503 856 "-" "Mozilla/5.0 (Linux; Android 11; M2010J19SI) AppleWebKit/537.36 (KHTML, like Gecko) Chrome/109.0.0.0 Mobile Safari/537.36"
157.15.40.28 - - [08/Apr/2026:17:30:11 -0400] "GET /wp-includes/PHPMailer/php.php HTTP/1.1" 503 856 "-" "Mozilla/5.0 (Macintosh; Intel Mac OS X 10_15_7) AppleWebKit/537.36 (KHTML, like Gecko) Chrome/120.0.0.0 Safari/537.36"
157.245.156.14 - - [08/Apr/2026:17:30:11 -0400] "GET /wp-includes/PHPMailer/load.php HTTP/1.1" 503 856 "-" "Mozilla/5.0 (Linux; Android 11; M2010J19SI) AppleWebKit/537.36 (KHTML, like Gecko) Chrome/109.0.0.0 Mobile Safari/537.36"
157.245.156.14 - - [08/Apr/2026:17:30:12 -0400] "GET /wp-links.php HTTP/1.1" 200 446 "-" "Mozilla/5.0 (Linux; Android 11; M2010J19SI) AppleWebKit/537.36 (KHTML, like Gecko) Chrome/109.0.0.0 Mobile Safari/537.36"
157.245.156.14 - - [08/Apr/2026:17:30:12 -0400] "GET /wp-aa.php HTTP/1.1" 200 446 "-" "Mozilla/5.0 (Linux; Android 11; M2010J19SI) AppleWebKit/537.36 (KHTML, like Gecko) Chrome/109.0.0.0 Mobile Safari/537.36"
157.245.156.14 - - [08/Apr/2026:17:30:13 -0400] "GET /wp-content/themes/travelscape/json.php HTTP/1.1" 503 856 "-" "Mozilla/5.0 (Linux; Android 11; M2010J19SI) AppleWebKit/537.36 (KHTML, like Gecko) Chrome/109.0.0.0 Mobile Safari/537.36"
157.245.156.14 - - [08/Apr/2026:17:30:13 -0400] "GET /wp-content/themes/travel/issue.php HTTP/1.1" 503 856 "-" "Mozilla/5.0 (Linux; Android 11; M2010J19SI) AppleWebKit/537.36 (KHTML, like Gecko) Chrome/109.0.0.0 Mobile Safari/537.36"
157.245.156.14 - - [08/Apr/2026:17:30:14 -0400] "GET /about.php HTTP/1.1" 200 446 "-" "Mozilla/5.0 (Linux; Android 11; M2010J19SI) AppleWebKit/537.36 (KHTML, like Gecko) Chrome/109.0.0.0 Mobile Safari/537.36"
157.245.156.14 - - [08/Apr/2026:17:30:14 -0400] "GET /xx.php HTTP/1.1" 200 446 "-" "Mozilla/5.0 (Linux; Android 11; M2010J19SI) AppleWebKit/537.36 (KHTML, like Gecko) Chrome/109.0.0.0 Mobile Safari/537.36"
157.245.156.14 - - [08/Apr/2026:17:30:15 -0400] "GET /wp-content/themes/digital-download/new.php HTTP/1.1" 503 856 "-" "Mozilla/5.0 (Linux; Android 11; M2010J19SI) AppleWebKit/537.36 (KHTML, like Gecko) Chrome/109.0.0.0 Mobile Safari/537.36"
157.15.40.28 - - [08/Apr/2026:17:30:15 -0400] "GET /wp-includes/PHPMailer/php.php HTTP/1.1" 503 856 "-" "Mozilla/5.0 (Macintosh; Intel Mac OS X 10_15_7) AppleWebKit/537.36 (KHTML, like Gecko) Chrome/120.0.0.0 Safari/537.36"
157.245.156.14 - - [08/Apr/2026:17:30:16 -0400] "GET /epinyins.php HTTP/1.1" 200 446 "-" "Mozilla/5.0 (Linux; Android 11; M2010J19SI) AppleWebKit/537.36 (KHTML, like Gecko) Chrome/109.0.0.0 Mobile Safari/537.36"
157.15.40.28 - - [08/Apr/2026:17:30:16 -0400] "GET /wp-includes/PHPMailer/php.php HTTP/1.1" 503 856 "-" "Mozilla/5.0 (Macintosh; Intel Mac OS X 10_15_7) AppleWebKit/537.36 (KHTML, like Gecko) Chrome/120.0.0.0 Safari/537.36"
157.245.156.14 - - [08/Apr/2026:17:30:17 -0400] "GET /wp-admin/dropdown.php HTTP/1.1" 200 446 "-" "Mozilla/5.0 (Linux; Android 11; M2010J19SI) AppleWebKit/537.36 (KHTML, like Gecko) Chrome/109.0.0.0 Mobile Safari/537.36"
157.245.156.14 - - [08/Apr/2026:17:30:17 -0400] "GET /dropdown.php HTTP/1.1" 200 446 "-" "Mozilla/5.0 (Linux; Android 11; M2010J19SI) AppleWebKit/537.36 (KHTML, like Gecko) Chrome/109.0.0.0 Mobile Safari/537.36"
157.245.156.14 - - [08/Apr/2026:17:30:18 -0400] "GET /wp-admin/css/index.php HTTP/1.1" 503 856 "-" "Mozilla/5.0 (Linux; Android 11; M2010J19SI) AppleWebKit/537.36 (KHTML, like Gecko) Chrome/109.0.0.0 Mobile Safari/537.36"
157.245.156.14 - - [08/Apr/2026:17:30:18 -0400] "GET /wp-content/mah.php HTTP/1.1" 200 446 "-" "Mozilla/5.0 (Linux; Android 11; M2010J19SI) AppleWebKit/537.36 (KHTML, like Gecko) Chrome/109.0.0.0 Mobile Safari/537.36"
157.245.156.14 - - [08/Apr/2026:17:30:18 -0400] "GET /wp-content/item.php HTTP/1.1" 200 446 "-" "Mozilla/5.0 (Linux; Android 11; M2010J19SI) AppleWebKit/537.36 (KHTML, like Gecko) Chrome/109.0.0.0 Mobile Safari/537.36"
157.245.156.14 - - [08/Apr/2026:17:30:19 -0400] "GET /wp-content/plugins/shell/about.php HTTP/1.1" 503 856 "-" "Mozilla/5.0 (Linux; Android 11; M2010J19SI) AppleWebKit/537.36 (KHTML, like Gecko) Chrome/109.0.0.0 Mobile Safari/537.36"
157.245.156.14 - - [08/Apr/2026:17:30:19 -0400] "GET /wp-content/plugins/pwnd/pwnd.php HTTP/1.1" 503 856 "-" "Mozilla/5.0 (Linux; Android 11; M2010J19SI) AppleWebKit/537.36 (KHTML, like Gecko) Chrome/109.0.0.0 Mobile Safari/537.36"
157.245.156.14 - - [08/Apr/2026:17:30:19 -0400] "GET /wp-content/plugins/fix/up.php HTTP/1.1" 503 856 "-" "Mozilla/5.0 (Linux; Android 11; M2010J19SI) AppleWebKit/537.36 (KHTML, like Gecko) Chrome/109.0.0.0 Mobile Safari/537.36"
157.15.40.28 - - [08/Apr/2026:17:30:20 -0400] "GET /wp-includes/PHPMailer/php.php HTTP/1.1" 503 856 "-" "Mozilla/5.0 (Macintosh; Intel Mac OS X 10_15_7) AppleWebKit/537.36 (KHTML, like Gecko) Chrome/120.0.0.0 Safari/537.36"
157.245.156.14 - - [08/Apr/2026:17:30:20 -0400] "GET /wp-content/plugins/ph-file-manager/wp-file.php HTTP/1.1" 503 856 "-" "Mozilla/5.0 (Linux; Android 11; M2010J19SI) AppleWebKit/537.36 (KHTML, like Gecko) Chrome/109.0.0.0 Mobile Safari/537.36"
157.245.156.14 - - [08/Apr/2026:17:30:20 -0400] "GET /wp-content/plugins/root-file-manager/wp-file.php HTTP/1.1" 503 856 "-" "Mozilla/5.0 (Linux; Android 11; M2010J19SI) AppleWebKit/537.36 (KHTML, like Gecko) Chrome/109.0.0.0 Mobile Safari/537.36"
157.245.156.14 - - [08/Apr/2026:17:30:21 -0400] "GET /wp-content/plugins/wp-help/mini.php HTTP/1.1" 503 856 "-" "Mozilla/5.0 (Linux; Android 11; M2010J19SI) AppleWebKit/537.36 (KHTML, like Gecko) Chrome/109.0.0.0 Mobile Safari/537.36"
157.245.156.14 - - [08/Apr/2026:17:30:21 -0400] "GET /wp-content/themes/travel/issue.php HTTP/1.1" 503 856 "-" "Mozilla/5.0 (Linux; Android 11; M2010J19SI) AppleWebKit/537.36 (KHTML, like Gecko) Chrome/109.0.0.0 Mobile Safari/537.36"
157.245.156.14 - - [08/Apr/2026:17:30:21 -0400] "GET /wp-content/themes/jaida/lang.php HTTP/1.1" 503 856 "-" "Mozilla/5.0 (Linux; Android 11; M2010J19SI) AppleWebKit/537.36 (KHTML, like Gecko) Chrome/109.0.0.0 Mobile Safari/537.36"
157.245.156.14 - - [08/Apr/2026:17:30:22 -0400] "GET /wp-l0gin.php HTTP/1.1" 200 446 "-" "Mozilla/5.0 (Linux; Android 11; M2010J19SI) AppleWebKit/537.36 (KHTML, like Gecko) Chrome/109.0.0.0 Mobile Safari/537.36"
157.245.156.14 - - [08/Apr/2026:17:30:22 -0400] "GET /ext.php HTTP/1.1" 200 446 "-" "Mozilla/5.0 (Linux; Android 11; M2010J19SI) AppleWebKit/537.36 (KHTML, like Gecko) Chrome/109.0.0.0 Mobile Safari/537.36"
157.245.156.14 - - [08/Apr/2026:17:30:22 -0400] "GET /wp-l0gin.php HTTP/1.1" 200 446 "-" "Mozilla/5.0 (Linux; Android 11; M2010J19SI) AppleWebKit/537.36 (KHTML, like Gecko) Chrome/109.0.0.0 Mobile Safari/537.36"
157.15.40.28 - - [08/Apr/2026:17:30:25 -0400] "GET /wp-includes/PHPMailer/php.php HTTP/1.1" 503 856 "-" "Mozilla/5.0 (Macintosh; Intel Mac OS X 10_15_7) AppleWebKit/537.36 (KHTML, like Gecko) Chrome/120.0.0.0 Safari/537.36"
157.15.40.28 - - [08/Apr/2026:17:30:29 -0400] "GET /wp-includes/PHPMailer/shell.php HTTP/1.1" 503 856 "-" "Mozilla/5.0 (Macintosh; Intel Mac OS X 10_15_7) AppleWebKit/537.36 (KHTML, like Gecko) Chrome/120.0.0.0 Safari/537.36"
157.15.40.28 - - [08/Apr/2026:17:30:30 -0400] "GET /wp-includes/PHPMailer/shell.php HTTP/1.1" 503 856 "-" "Mozilla/5.0 (Macintosh; Intel Mac OS X 10_15_7) AppleWebKit/537.36 (KHTML, like Gecko) Chrome/120.0.0.0 Safari/537.36"
157.15.40.28 - - [08/Apr/2026:17:30:32 -0400] "GET /wp-includes/PHPMailer/shell.php HTTP/1.1" 503 856 "-" "Mozilla/5.0 (Macintosh; Intel Mac OS X 10_15_7) AppleWebKit/537.36 (KHTML, like Gecko) Chrome/120.0.0.0 Safari/537.36"
157.15.40.28 - - [08/Apr/2026:17:30:37 -0400] "GET /wp-includes/PHPMailer/shell.php HTTP/1.1" 503 856 "-" "Mozilla/5.0 (Macintosh; Intel Mac OS X 10_15_7) AppleWebKit/537.36 (KHTML, like Gecko) Chrome/120.0.0.0 Safari/537.36"
157.15.40.28 - - [08/Apr/2026:17:30:40 -0400] "GET /wp-includes/PHPMailer/shell.php HTTP/1.1" 503 856 "-" "Mozilla/5.0 (Macintosh; Intel Mac OS X 10_15_7) AppleWebKit/537.36 (KHTML, like Gecko) Chrome/120.0.0.0 Safari/537.36"
157.15.40.28 - - [08/Apr/2026:17:30:40 -0400] "GET /wp-includes/PHPMailer/shell.php HTTP/1.1" 503 856 "-" "Mozilla/5.0 (Macintosh; Intel Mac OS X 10_15_7) AppleWebKit/537.36 (KHTML, like Gecko) Chrome/120.0.0.0 Safari/537.36"
157.15.40.28 - - [08/Apr/2026:17:30:43 -0400] "GET /wp-includes/PHPMailer/shell.php HTTP/1.1" 503 856 "-" "Mozilla/5.0 (Macintosh; Intel Mac OS X 10_15_7) AppleWebKit/537.36 (KHTML, like Gecko) Chrome/120.0.0.0 Safari/537.36"
157.15.40.28 - - [08/Apr/2026:17:30:49 -0400] "GET /wp-includes/PHPMailer/shell.php HTTP/1.1" 503 856 "-" "Mozilla/5.0 (Macintosh; Intel Mac OS X 10_15_7) AppleWebKit/537.36 (KHTML, like Gecko) Chrome/120.0.0.0 Safari/537.36"
157.15.40.28 - - [08/Apr/2026:17:30:52 -0400] "GET /wp-includes/PHPMailer/shell.php HTTP/1.1" 503 856 "-" "Mozilla/5.0 (Macintosh; Intel Mac OS X 10_15_7) AppleWebKit/537.36 (KHTML, like Gecko) Chrome/120.0.0.0 Safari/537.36"
157.15.40.28 - - [08/Apr/2026:17:30:53 -0400] "GET /wp-includes/PHPMailer/shell.php HTTP/1.1" 503 856 "-" "Mozilla/5.0 (Macintosh; Intel Mac OS X 10_15_7) AppleWebKit/537.36 (KHTML, like Gecko) Chrome/120.0.0.0 Safari/537.36"
157.15.40.28 - - [08/Apr/2026:17:30:56 -0400] "GET /wp-includes/PHPMailer/shell.php HTTP/1.1" 503 856 "-" "Mozilla/5.0 (Macintosh; Intel Mac OS X 10_15_7) AppleWebKit/537.36 (KHTML, like Gecko) Chrome/120.0.0.0 Safari/537.36"
157.15.40.28 - - [08/Apr/2026:17:31:01 -0400] "GET /wp-includes/PHPMailer/shell.php HTTP/1.1" 503 856 "-" "Mozilla/5.0 (Macintosh; Intel Mac OS X 10_15_7) AppleWebKit/537.36 (KHTML, like Gecko) Chrome/120.0.0.0 Safari/537.36"
157.15.40.28 - - [08/Apr/2026:17:31:02 -0400] "GET /wp-includes/PHPMailer/cmd.php HTTP/1.1" 503 856 "-" "Mozilla/5.0 (Macintosh; Intel Mac OS X 10_15_7) AppleWebKit/537.36 (KHTML, like Gecko) Chrome/120.0.0.0 Safari/537.36"
157.15.40.28 - - [08/Apr/2026:17:31:03 -0400] "GET /wp-includes/PHPMailer/cmd.php HTTP/1.1" 503 856 "-" "Mozilla/5.0 (Macintosh; Intel Mac OS X 10_15_7) AppleWebKit/537.36 (KHTML, like Gecko) Chrome/120.0.0.0 Safari/537.36"
157.15.40.28 - - [08/Apr/2026:17:31:06 -0400] "GET /wp-includes/PHPMailer/cmd.php HTTP/1.1" 503 856 "-" "Mozilla/5.0 (Macintosh; Intel Mac OS X 10_15_7) AppleWebKit/537.36 (KHTML, like Gecko) Chrome/120.0.0.0 Safari/537.36"
157.15.40.28 - - [08/Apr/2026:17:31:11 -0400] "GET /wp-includes/PHPMailer/cmd.php HTTP/1.1" 503 856 "-" "Mozilla/5.0 (Macintosh; Intel Mac OS X 10_15_7) AppleWebKit/537.36 (KHTML, like Gecko) Chrome/120.0.0.0 Safari/537.36"
157.15.40.28 - - [08/Apr/2026:17:31:15 -0400] "GET /wp-includes/PHPMailer/cmd.php HTTP/1.1" 503 856 "-" "Mozilla/5.0 (Macintosh; Intel Mac OS X 10_15_7) AppleWebKit/537.36 (KHTML, like Gecko) Chrome/120.0.0.0 Safari/537.36"
157.15.40.28 - - [08/Apr/2026:17:31:16 -0400] "GET /wp-includes/PHPMailer/cmd.php HTTP/1.1" 503 856 "-" "Mozilla/5.0 (Macintosh; Intel Mac OS X 10_15_7) AppleWebKit/537.36 (KHTML, like Gecko) Chrome/120.0.0.0 Safari/537.36"
157.15.40.28 - - [08/Apr/2026:17:31:19 -0400] "GET /wp-includes/PHPMailer/cmd.php HTTP/1.1" 503 856 "-" "Mozilla/5.0 (Macintosh; Intel Mac OS X 10_15_7) AppleWebKit/537.36 (KHTML, like Gecko) Chrome/120.0.0.0 Safari/537.36"
157.15.40.28 - - [08/Apr/2026:17:31:24 -0400] "GET /wp-includes/PHPMailer/cmd.php HTTP/1.1" 503 856 "-" "Mozilla/5.0 (Macintosh; Intel Mac OS X 10_15_7) AppleWebKit/537.36 (KHTML, like Gecko) Chrome/120.0.0.0 Safari/537.36"
157.15.40.28 - - [08/Apr/2026:17:31:27 -0400] "GET /wp-includes/PHPMailer/cmd.php HTTP/1.1" 503 856 "-" "Mozilla/5.0 (Macintosh; Intel Mac OS X 10_15_7) AppleWebKit/537.36 (KHTML, like Gecko) Chrome/120.0.0.0 Safari/537.36"
157.15.40.28 - - [08/Apr/2026:17:31:27 -0400] "GET /wp-includes/PHPMailer/cmd.php HTTP/1.1" 503 856 "-" "Mozilla/5.0 (Macintosh; Intel Mac OS X 10_15_7) AppleWebKit/537.36 (KHTML, like Gecko) Chrome/120.0.0.0 Safari/537.36"
157.15.40.28 - - [08/Apr/2026:17:31:31 -0400] "GET /wp-includes/PHPMailer/cmd.php HTTP/1.1" 503 856 "-" "Mozilla/5.0 (Macintosh; Intel Mac OS X 10_15_7) AppleWebKit/537.36 (KHTML, like Gecko) Chrome/120.0.0.0 Safari/537.36"
157.15.40.28 - - [08/Apr/2026:17:31:36 -0400] "GET /wp-includes/PHPMailer/cmd.php HTTP/1.1" 503 856 "-" "Mozilla/5.0 (Macintosh; Intel Mac OS X 10_15_7) AppleWebKit/537.36 (KHTML, like Gecko) Chrome/120.0.0.0 Safari/537.36"
157.15.40.28 - - [08/Apr/2026:17:31:40 -0400] "GET /wp-includes/PHPMailer/wso.php HTTP/1.1" 503 856 "-" "Mozilla/5.0 (Macintosh; Intel Mac OS X 10_15_7) AppleWebKit/537.36 (KHTML, like Gecko) Chrome/120.0.0.0 Safari/537.36"
157.15.40.28 - - [08/Apr/2026:17:31:40 -0400] "GET /wp-includes/PHPMailer/wso.php HTTP/1.1" 503 856 "-" "Mozilla/5.0 (Macintosh; Intel Mac OS X 10_15_7) AppleWebKit/537.36 (KHTML, like Gecko) Chrome/120.0.0.0 Safari/537.36"
157.15.40.28 - - [08/Apr/2026:17:31:43 -0400] "GET /wp-includes/PHPMailer/wso.php HTTP/1.1" 503 856 "-" "Mozilla/5.0 (Macintosh; Intel Mac OS X 10_15_7) AppleWebKit/537.36 (KHTML, like Gecko) Chrome/120.0.0.0 Safari/537.36"
157.15.40.28 - - [08/Apr/2026:17:31:48 -0400] "GET /wp-includes/PHPMailer/wso.php HTTP/1.1" 503 856 "-" "Mozilla/5.0 (Macintosh; Intel Mac OS X 10_15_7) AppleWebKit/537.36 (KHTML, like Gecko) Chrome/120.0.0.0 Safari/537.36"
157.15.40.28 - - [08/Apr/2026:17:31:52 -0400] "GET /wp-includes/PHPMailer/wso.php HTTP/1.1" 503 856 "-" "Mozilla/5.0 (Macintosh; Intel Mac OS X 10_15_7) AppleWebKit/537.36 (KHTML, like Gecko) Chrome/120.0.0.0 Safari/537.36"
157.15.40.28 - - [08/Apr/2026:17:31:53 -0400] "GET /wp-includes/PHPMailer/wso.php HTTP/1.1" 503 856 "-" "Mozilla/5.0 (Macintosh; Intel Mac OS X 10_15_7) AppleWebKit/537.36 (KHTML, like Gecko) Chrome/120.0.0.0 Safari/537.36"
157.15.40.28 - - [08/Apr/2026:17:31:59 -0400] "GET /wp-includes/PHPMailer/wso.php HTTP/1.1" 503 856 "-" "Mozilla/5.0 (Macintosh; Intel Mac OS X 10_15_7) AppleWebKit/537.36 (KHTML, like Gecko) Chrome/120.0.0.0 Safari/537.36"
157.15.40.28 - - [08/Apr/2026:17:32:05 -0400] "GET /wp-includes/PHPMailer/wso.php HTTP/1.1" 503 856 "-" "Mozilla/5.0 (Macintosh; Intel Mac OS X 10_15_7) AppleWebKit/537.36 (KHTML, like Gecko) Chrome/120.0.0.0 Safari/537.36"
157.15.40.28 - - [08/Apr/2026:17:32:07 -0400] "GET /wp-includes/PHPMailer/wso.php HTTP/1.1" 503 856 "-" "Mozilla/5.0 (Macintosh; Intel Mac OS X 10_15_7) AppleWebKit/537.36 (KHTML, like Gecko) Chrome/120.0.0.0 Safari/537.36"
157.15.40.28 - - [08/Apr/2026:17:32:08 -0400] "GET /wp-includes/PHPMailer/wso.php HTTP/1.1" 503 856 "-" "Mozilla/5.0 (Macintosh; Intel Mac OS X 10_15_7) AppleWebKit/537.36 (KHTML, like Gecko) Chrome/120.0.0.0 Safari/537.36"
157.15.40.28 - - [08/Apr/2026:17:32:11 -0400] "GET /wp-includes/PHPMailer/wso.php HTTP/1.1" 503 856 "-" "Mozilla/5.0 (Macintosh; Intel Mac OS X 10_15_7) AppleWebKit/537.36 (KHTML, like Gecko) Chrome/120.0.0.0 Safari/537.36"
157.15.40.28 - - [08/Apr/2026:17:32:18 -0400] "GET /wp-includes/PHPMailer/wso.php HTTP/1.1" 503 856 "-" "Mozilla/5.0 (Macintosh; Intel Mac OS X 10_15_7) AppleWebKit/537.36 (KHTML, like Gecko) Chrome/120.0.0.0 Safari/537.36"
157.15.40.28 - - [08/Apr/2026:17:32:20 -0400] "GET /wp-includes/PHPMailer/c99.php HTTP/1.1" 503 856 "-" "Mozilla/5.0 (Macintosh; Intel Mac OS X 10_15_7) AppleWebKit/537.36 (KHTML, like Gecko) Chrome/120.0.0.0 Safari/537.36"
157.15.40.28 - - [08/Apr/2026:17:32:21 -0400] "GET /wp-includes/PHPMailer/c99.php HTTP/1.1" 503 856 "-" "Mozilla/5.0 (Macintosh; Intel Mac OS X 10_15_7) AppleWebKit/537.36 (KHTML, like Gecko) Chrome/120.0.0.0 Safari/537.36"
157.15.40.28 - - [08/Apr/2026:17:32:26 -0400] "GET /wp-includes/PHPMailer/c99.php HTTP/1.1" 503 856 "-" "Mozilla/5.0 (Macintosh; Intel Mac OS X 10_15_7) AppleWebKit/537.36 (KHTML, like Gecko) Chrome/120.0.0.0 Safari/537.36"
157.15.40.28 - - [08/Apr/2026:17:32:33 -0400] "GET /wp-includes/PHPMailer/c99.php HTTP/1.1" 503 856 "-" "Mozilla/5.0 (Macintosh; Intel Mac OS X 10_15_7) AppleWebKit/537.36 (KHTML, like Gecko) Chrome/120.0.0.0 Safari/537.36"
157.15.40.28 - - [08/Apr/2026:17:32:36 -0400] "GET /wp-includes/PHPMailer/c99.php HTTP/1.1" 503 856 "-" "Mozilla/5.0 (Macintosh; Intel Mac OS X 10_15_7) AppleWebKit/537.36 (KHTML, like Gecko) Chrome/120.0.0.0 Safari/537.36"
157.15.40.28 - - [08/Apr/2026:17:32:38 -0400] "GET /wp-includes/PHPMailer/c99.php HTTP/1.1" 503 856 "-" "Mozilla/5.0 (Macintosh; Intel Mac OS X 10_15_7) AppleWebKit/537.36 (KHTML, like Gecko) Chrome/120.0.0.0 Safari/537.36"
157.15.40.28 - - [08/Apr/2026:17:32:40 -0400] "GET /wp-includes/PHPMailer/c99.php HTTP/1.1" 503 856 "-" "Mozilla/5.0 (Macintosh; Intel Mac OS X 10_15_7) AppleWebKit/537.36 (KHTML, like Gecko) Chrome/120.0.0.0 Safari/537.36"
157.15.40.28 - - [08/Apr/2026:17:32:45 -0400] "GET /wp-includes/PHPMailer/c99.php HTTP/1.1" 503 856 "-" "Mozilla/5.0 (Macintosh; Intel Mac OS X 10_15_7) AppleWebKit/537.36 (KHTML, like Gecko) Chrome/120.0.0.0 Safari/537.36"
157.15.40.28 - - [08/Apr/2026:17:32:47 -0400] "GET /wp-includes/PHPMailer/c99.php HTTP/1.1" 503 856 "-" "Mozilla/5.0 (Macintosh; Intel Mac OS X 10_15_7) AppleWebKit/537.36 (KHTML, like Gecko) Chrome/120.0.0.0 Safari/537.36"
157.15.40.28 - - [08/Apr/2026:17:32:48 -0400] "GET /wp-includes/PHPMailer/c99.php HTTP/1.1" 503 856 "-" "Mozilla/5.0 (Macintosh; Intel Mac OS X 10_15_7) AppleWebKit/537.36 (KHTML, like Gecko) Chrome/120.0.0.0 Safari/537.36"
157.15.40.28 - - [08/Apr/2026:17:32:52 -0400] "GET /wp-includes/PHPMailer/c99.php HTTP/1.1" 503 856 "-" "Mozilla/5.0 (Macintosh; Intel Mac OS X 10_15_7) AppleWebKit/537.36 (KHTML, like Gecko) Chrome/120.0.0.0 Safari/537.36"
157.15.40.28 - - [08/Apr/2026:17:32:56 -0400] "GET /wp-includes/PHPMailer/c99.php HTTP/1.1" 503 856 "-" "Mozilla/5.0 (Macintosh; Intel Mac OS X 10_15_7) AppleWebKit/537.36 (KHTML, like Gecko) Chrome/120.0.0.0 Safari/537.36"
157.15.40.28 - - [08/Apr/2026:17:33:00 -0400] "GET /wp-includes/SimplePie/ HTTP/1.1" 200 446 "-" "Mozilla/5.0 (Macintosh; Intel Mac OS X 10_15_7) AppleWebKit/537.36 (KHTML, like Gecko) Chrome/120.0.0.0 Safari/537.36"
157.15.40.28 - - [08/Apr/2026:17:33:04 -0400] "GET /wp-includes/SimplePie/index.php HTTP/1.1" 503 856 "-" "Mozilla/5.0 (Macintosh; Intel Mac OS X 10_15_7) AppleWebKit/537.36 (KHTML, like Gecko) Chrome/120.0.0.0 Safari/537.36"
157.15.40.28 - - [08/Apr/2026:17:33:04 -0400] "GET /wp-includes/SimplePie/index.php HTTP/1.1" 503 856 "-" "Mozilla/5.0 (Macintosh; Intel Mac OS X 10_15_7) AppleWebKit/537.36 (KHTML, like Gecko) Chrome/120.0.0.0 Safari/537.36"