157.15.40.28 - - [08/Apr/2026:15:54:33 -0400] "GET /wp-includes/pomo/shell.php HTTP/1.1" 503 856 "-" "Mozilla/5.0 (Macintosh; Intel Mac OS X 10_15_7) AppleWebKit/537.36 (KHTML, like Gecko) Chrome/120.0.0.0 Safari/537.36"
157.15.40.28 - - [08/Apr/2026:15:54:34 -0400] "GET /wp-includes/pomo/shell.php HTTP/1.1" 503 856 "-" "Mozilla/5.0 (Macintosh; Intel Mac OS X 10_15_7) AppleWebKit/537.36 (KHTML, like Gecko) Chrome/120.0.0.0 Safari/537.36"
157.15.40.28 - - [08/Apr/2026:15:54:37 -0400] "GET /wp-includes/pomo/shell.php HTTP/1.1" 503 856 "-" "Mozilla/5.0 (Macintosh; Intel Mac OS X 10_15_7) AppleWebKit/537.36 (KHTML, like Gecko) Chrome/120.0.0.0 Safari/537.36"
216.73.216.33 - - [08/Apr/2026:15:54:38 -0400] "GET / HTTP/1.1" 200 446 "-" "Mozilla/5.0 AppleWebKit/537.36 (KHTML, like Gecko; compatible; ClaudeBot/1.0; [email protected])"
157.15.40.28 - - [08/Apr/2026:15:54:41 -0400] "GET /wp-includes/pomo/shell.php HTTP/1.1" 503 856 "-" "Mozilla/5.0 (Macintosh; Intel Mac OS X 10_15_7) AppleWebKit/537.36 (KHTML, like Gecko) Chrome/120.0.0.0 Safari/537.36"
157.15.40.28 - - [08/Apr/2026:15:54:45 -0400] "GET /wp-includes/pomo/shell.php HTTP/1.1" 503 856 "-" "Mozilla/5.0 (Macintosh; Intel Mac OS X 10_15_7) AppleWebKit/537.36 (KHTML, like Gecko) Chrome/120.0.0.0 Safari/537.36"
157.15.40.28 - - [08/Apr/2026:15:54:46 -0400] "GET /wp-includes/pomo/shell.php HTTP/1.1" 503 856 "-" "Mozilla/5.0 (Macintosh; Intel Mac OS X 10_15_7) AppleWebKit/537.36 (KHTML, like Gecko) Chrome/120.0.0.0 Safari/537.36"
157.15.40.28 - - [08/Apr/2026:15:54:48 -0400] "GET /wp-includes/pomo/shell.php HTTP/1.1" 503 856 "-" "Mozilla/5.0 (Macintosh; Intel Mac OS X 10_15_7) AppleWebKit/537.36 (KHTML, like Gecko) Chrome/120.0.0.0 Safari/537.36"
157.15.40.28 - - [08/Apr/2026:15:54:54 -0400] "GET /wp-includes/pomo/shell.php HTTP/1.1" 503 856 "-" "Mozilla/5.0 (Macintosh; Intel Mac OS X 10_15_7) AppleWebKit/537.36 (KHTML, like Gecko) Chrome/120.0.0.0 Safari/537.36"
157.15.40.28 - - [08/Apr/2026:15:54:57 -0400] "GET /wp-includes/pomo/cmd.php HTTP/1.1" 503 856 "-" "Mozilla/5.0 (Macintosh; Intel Mac OS X 10_15_7) AppleWebKit/537.36 (KHTML, like Gecko) Chrome/120.0.0.0 Safari/537.36"
157.15.40.28 - - [08/Apr/2026:15:54:58 -0400] "GET /wp-includes/pomo/cmd.php HTTP/1.1" 503 856 "-" "Mozilla/5.0 (Macintosh; Intel Mac OS X 10_15_7) AppleWebKit/537.36 (KHTML, like Gecko) Chrome/120.0.0.0 Safari/537.36"
157.15.40.28 - - [08/Apr/2026:15:55:01 -0400] "GET /wp-includes/pomo/cmd.php HTTP/1.1" 503 856 "-" "Mozilla/5.0 (Macintosh; Intel Mac OS X 10_15_7) AppleWebKit/537.36 (KHTML, like Gecko) Chrome/120.0.0.0 Safari/537.36"
157.15.40.28 - - [08/Apr/2026:15:55:06 -0400] "GET /wp-includes/pomo/cmd.php HTTP/1.1" 503 856 "-" "Mozilla/5.0 (Macintosh; Intel Mac OS X 10_15_7) AppleWebKit/537.36 (KHTML, like Gecko) Chrome/120.0.0.0 Safari/537.36"
157.15.40.28 - - [08/Apr/2026:15:55:08 -0400] "GET /wp-includes/pomo/cmd.php HTTP/1.1" 503 856 "-" "Mozilla/5.0 (Macintosh; Intel Mac OS X 10_15_7) AppleWebKit/537.36 (KHTML, like Gecko) Chrome/120.0.0.0 Safari/537.36"
157.15.40.28 - - [08/Apr/2026:15:55:10 -0400] "GET /wp-includes/pomo/cmd.php HTTP/1.1" 503 856 "-" "Mozilla/5.0 (Macintosh; Intel Mac OS X 10_15_7) AppleWebKit/537.36 (KHTML, like Gecko) Chrome/120.0.0.0 Safari/537.36"
157.15.40.28 - - [08/Apr/2026:15:55:14 -0400] "GET /wp-includes/pomo/cmd.php HTTP/1.1" 503 856 "-" "Mozilla/5.0 (Macintosh; Intel Mac OS X 10_15_7) AppleWebKit/537.36 (KHTML, like Gecko) Chrome/120.0.0.0 Safari/537.36"
157.15.40.28 - - [08/Apr/2026:15:55:19 -0400] "GET /wp-includes/pomo/cmd.php HTTP/1.1" 503 856 "-" "Mozilla/5.0 (Macintosh; Intel Mac OS X 10_15_7) AppleWebKit/537.36 (KHTML, like Gecko) Chrome/120.0.0.0 Safari/537.36"
157.15.40.28 - - [08/Apr/2026:15:55:25 -0400] "GET /wp-includes/pomo/cmd.php HTTP/1.1" 503 856 "-" "Mozilla/5.0 (Macintosh; Intel Mac OS X 10_15_7) AppleWebKit/537.36 (KHTML, like Gecko) Chrome/120.0.0.0 Safari/537.36"
157.15.40.28 - - [08/Apr/2026:15:55:26 -0400] "GET /wp-includes/pomo/cmd.php HTTP/1.1" 503 856 "-" "Mozilla/5.0 (Macintosh; Intel Mac OS X 10_15_7) AppleWebKit/537.36 (KHTML, like Gecko) Chrome/120.0.0.0 Safari/537.36"
157.15.40.28 - - [08/Apr/2026:15:55:30 -0400] "GET /wp-includes/pomo/cmd.php HTTP/1.1" 503 856 "-" "Mozilla/5.0 (Macintosh; Intel Mac OS X 10_15_7) AppleWebKit/537.36 (KHTML, like Gecko) Chrome/120.0.0.0 Safari/537.36"
157.15.40.28 - - [08/Apr/2026:15:55:34 -0400] "GET /wp-includes/pomo/cmd.php HTTP/1.1" 503 856 "-" "Mozilla/5.0 (Macintosh; Intel Mac OS X 10_15_7) AppleWebKit/537.36 (KHTML, like Gecko) Chrome/120.0.0.0 Safari/537.36"
157.15.40.28 - - [08/Apr/2026:15:55:36 -0400] "GET /wp-includes/pomo/wso.php HTTP/1.1" 503 856 "-" "Mozilla/5.0 (Macintosh; Intel Mac OS X 10_15_7) AppleWebKit/537.36 (KHTML, like Gecko) Chrome/120.0.0.0 Safari/537.36"
157.15.40.28 - - [08/Apr/2026:15:55:37 -0400] "GET /wp-includes/pomo/wso.php HTTP/1.1" 503 856 "-" "Mozilla/5.0 (Macintosh; Intel Mac OS X 10_15_7) AppleWebKit/537.36 (KHTML, like Gecko) Chrome/120.0.0.0 Safari/537.36"
157.15.40.28 - - [08/Apr/2026:15:55:39 -0400] "GET /wp-includes/pomo/wso.php HTTP/1.1" 503 856 "-" "Mozilla/5.0 (Macintosh; Intel Mac OS X 10_15_7) AppleWebKit/537.36 (KHTML, like Gecko) Chrome/120.0.0.0 Safari/537.36"
157.15.40.28 - - [08/Apr/2026:15:55:44 -0400] "GET /wp-includes/pomo/wso.php HTTP/1.1" 503 856 "-" "Mozilla/5.0 (Macintosh; Intel Mac OS X 10_15_7) AppleWebKit/537.36 (KHTML, like Gecko) Chrome/120.0.0.0 Safari/537.36"
157.15.40.28 - - [08/Apr/2026:15:55:45 -0400] "GET /wp-includes/pomo/wso.php HTTP/1.1" 503 856 "-" "Mozilla/5.0 (Macintosh; Intel Mac OS X 10_15_7) AppleWebKit/537.36 (KHTML, like Gecko) Chrome/120.0.0.0 Safari/537.36"
157.15.40.28 - - [08/Apr/2026:15:55:46 -0400] "GET /wp-includes/pomo/wso.php HTTP/1.1" 503 856 "-" "Mozilla/5.0 (Macintosh; Intel Mac OS X 10_15_7) AppleWebKit/537.36 (KHTML, like Gecko) Chrome/120.0.0.0 Safari/537.36"
157.15.40.28 - - [08/Apr/2026:15:55:48 -0400] "GET /wp-includes/pomo/wso.php HTTP/1.1" 503 856 "-" "Mozilla/5.0 (Macintosh; Intel Mac OS X 10_15_7) AppleWebKit/537.36 (KHTML, like Gecko) Chrome/120.0.0.0 Safari/537.36"
157.15.40.28 - - [08/Apr/2026:15:55:54 -0400] "GET /wp-includes/pomo/wso.php HTTP/1.1" 503 856 "-" "Mozilla/5.0 (Macintosh; Intel Mac OS X 10_15_7) AppleWebKit/537.36 (KHTML, like Gecko) Chrome/120.0.0.0 Safari/537.36"
157.15.40.28 - - [08/Apr/2026:15:55:57 -0400] "GET /wp-includes/pomo/wso.php HTTP/1.1" 503 856 "-" "Mozilla/5.0 (Macintosh; Intel Mac OS X 10_15_7) AppleWebKit/537.36 (KHTML, like Gecko) Chrome/120.0.0.0 Safari/537.36"
157.15.40.28 - - [08/Apr/2026:15:55:58 -0400] "GET /wp-includes/pomo/wso.php HTTP/1.1" 503 856 "-" "Mozilla/5.0 (Macintosh; Intel Mac OS X 10_15_7) AppleWebKit/537.36 (KHTML, like Gecko) Chrome/120.0.0.0 Safari/537.36"
157.15.40.28 - - [08/Apr/2026:15:56:01 -0400] "GET /wp-includes/pomo/wso.php HTTP/1.1" 503 856 "-" "Mozilla/5.0 (Macintosh; Intel Mac OS X 10_15_7) AppleWebKit/537.36 (KHTML, like Gecko) Chrome/120.0.0.0 Safari/537.36"
157.15.40.28 - - [08/Apr/2026:15:56:06 -0400] "GET /wp-includes/pomo/wso.php HTTP/1.1" 503 856 "-" "Mozilla/5.0 (Macintosh; Intel Mac OS X 10_15_7) AppleWebKit/537.36 (KHTML, like Gecko) Chrome/120.0.0.0 Safari/537.36"
157.15.40.28 - - [08/Apr/2026:15:56:07 -0400] "GET /wp-includes/pomo/c99.php HTTP/1.1" 503 856 "-" "Mozilla/5.0 (Macintosh; Intel Mac OS X 10_15_7) AppleWebKit/537.36 (KHTML, like Gecko) Chrome/120.0.0.0 Safari/537.36"
157.15.40.28 - - [08/Apr/2026:15:56:09 -0400] "GET /wp-includes/pomo/c99.php HTTP/1.1" 503 856 "-" "Mozilla/5.0 (Macintosh; Intel Mac OS X 10_15_7) AppleWebKit/537.36 (KHTML, like Gecko) Chrome/120.0.0.0 Safari/537.36"
157.15.40.28 - - [08/Apr/2026:15:56:13 -0400] "GET /wp-includes/pomo/c99.php HTTP/1.1" 503 856 "-" "Mozilla/5.0 (Macintosh; Intel Mac OS X 10_15_7) AppleWebKit/537.36 (KHTML, like Gecko) Chrome/120.0.0.0 Safari/537.36"
157.15.40.28 - - [08/Apr/2026:15:56:19 -0400] "GET /wp-includes/pomo/c99.php HTTP/1.1" 503 856 "-" "Mozilla/5.0 (Macintosh; Intel Mac OS X 10_15_7) AppleWebKit/537.36 (KHTML, like Gecko) Chrome/120.0.0.0 Safari/537.36"
157.15.40.28 - - [08/Apr/2026:15:56:22 -0400] "GET /wp-includes/pomo/c99.php HTTP/1.1" 503 856 "-" "Mozilla/5.0 (Macintosh; Intel Mac OS X 10_15_7) AppleWebKit/537.36 (KHTML, like Gecko) Chrome/120.0.0.0 Safari/537.36"
157.15.40.28 - - [08/Apr/2026:15:56:23 -0400] "GET /wp-includes/pomo/c99.php HTTP/1.1" 503 856 "-" "Mozilla/5.0 (Macintosh; Intel Mac OS X 10_15_7) AppleWebKit/537.36 (KHTML, like Gecko) Chrome/120.0.0.0 Safari/537.36"
157.15.40.28 - - [08/Apr/2026:15:56:26 -0400] "GET /wp-includes/pomo/c99.php HTTP/1.1" 503 856 "-" "Mozilla/5.0 (Macintosh; Intel Mac OS X 10_15_7) AppleWebKit/537.36 (KHTML, like Gecko) Chrome/120.0.0.0 Safari/537.36"
157.15.40.28 - - [08/Apr/2026:15:56:32 -0400] "GET /wp-includes/pomo/c99.php HTTP/1.1" 503 856 "-" "Mozilla/5.0 (Macintosh; Intel Mac OS X 10_15_7) AppleWebKit/537.36 (KHTML, like Gecko) Chrome/120.0.0.0 Safari/537.36"
157.15.40.28 - - [08/Apr/2026:15:56:34 -0400] "GET /wp-includes/pomo/c99.php HTTP/1.1" 503 856 "-" "Mozilla/5.0 (Macintosh; Intel Mac OS X 10_15_7) AppleWebKit/537.36 (KHTML, like Gecko) Chrome/120.0.0.0 Safari/537.36"
157.15.40.28 - - [08/Apr/2026:15:56:35 -0400] "GET /wp-includes/pomo/c99.php HTTP/1.1" 503 856 "-" "Mozilla/5.0 (Macintosh; Intel Mac OS X 10_15_7) AppleWebKit/537.36 (KHTML, like Gecko) Chrome/120.0.0.0 Safari/537.36"
157.15.40.28 - - [08/Apr/2026:15:56:37 -0400] "GET /wp-includes/pomo/c99.php HTTP/1.1" 503 856 "-" "Mozilla/5.0 (Macintosh; Intel Mac OS X 10_15_7) AppleWebKit/537.36 (KHTML, like Gecko) Chrome/120.0.0.0 Safari/537.36"
157.15.40.28 - - [08/Apr/2026:15:56:44 -0400] "GET /wp-includes/pomo/c99.php HTTP/1.1" 503 856 "-" "Mozilla/5.0 (Macintosh; Intel Mac OS X 10_15_7) AppleWebKit/537.36 (KHTML, like Gecko) Chrome/120.0.0.0 Safari/537.36"
157.15.40.28 - - [08/Apr/2026:15:56:46 -0400] "GET /wp-admin/includes/ HTTP/1.1" 200 446 "-" "Mozilla/5.0 (Macintosh; Intel Mac OS X 10_15_7) AppleWebKit/537.36 (KHTML, like Gecko) Chrome/120.0.0.0 Safari/537.36"
157.15.40.28 - - [08/Apr/2026:15:56:47 -0400] "GET /wp-admin/includes/index.php HTTP/1.1" 503 856 "-" "Mozilla/5.0 (Macintosh; Intel Mac OS X 10_15_7) AppleWebKit/537.36 (KHTML, like Gecko) Chrome/120.0.0.0 Safari/537.36"
157.15.40.28 - - [08/Apr/2026:15:56:48 -0400] "GET /wp-admin/includes/index.php HTTP/1.1" 503 856 "-" "Mozilla/5.0 (Macintosh; Intel Mac OS X 10_15_7) AppleWebKit/537.36 (KHTML, like Gecko) Chrome/120.0.0.0 Safari/537.36"
157.15.40.28 - - [08/Apr/2026:15:56:52 -0400] "GET /wp-admin/includes/index.php HTTP/1.1" 503 856 "-" "Mozilla/5.0 (Macintosh; Intel Mac OS X 10_15_7) AppleWebKit/537.36 (KHTML, like Gecko) Chrome/120.0.0.0 Safari/537.36"
157.15.40.28 - - [08/Apr/2026:15:56:56 -0400] "GET /wp-admin/includes/index.php HTTP/1.1" 503 856 "-" "Mozilla/5.0 (Macintosh; Intel Mac OS X 10_15_7) AppleWebKit/537.36 (KHTML, like Gecko) Chrome/120.0.0.0 Safari/537.36"
157.15.40.28 - - [08/Apr/2026:15:56:59 -0400] "GET /wp-admin/includes/index.php HTTP/1.1" 503 856 "-" "Mozilla/5.0 (Macintosh; Intel Mac OS X 10_15_7) AppleWebKit/537.36 (KHTML, like Gecko) Chrome/120.0.0.0 Safari/537.36"
157.15.40.28 - - [08/Apr/2026:15:57:00 -0400] "GET /wp-admin/includes/index.php HTTP/1.1" 503 856 "-" "Mozilla/5.0 (Macintosh; Intel Mac OS X 10_15_7) AppleWebKit/537.36 (KHTML, like Gecko) Chrome/120.0.0.0 Safari/537.36"
157.15.40.28 - - [08/Apr/2026:15:57:03 -0400] "GET /wp-admin/includes/index.php HTTP/1.1" 503 856 "-" "Mozilla/5.0 (Macintosh; Intel Mac OS X 10_15_7) AppleWebKit/537.36 (KHTML, like Gecko) Chrome/120.0.0.0 Safari/537.36"
157.15.40.28 - - [08/Apr/2026:15:57:10 -0400] "GET /wp-admin/includes/index.php HTTP/1.1" 503 856 "-" "Mozilla/5.0 (Macintosh; Intel Mac OS X 10_15_7) AppleWebKit/537.36 (KHTML, like Gecko) Chrome/120.0.0.0 Safari/537.36"
157.15.40.28 - - [08/Apr/2026:15:57:13 -0400] "GET /wp-admin/includes/index.php HTTP/1.1" 503 856 "-" "Mozilla/5.0 (Macintosh; Intel Mac OS X 10_15_7) AppleWebKit/537.36 (KHTML, like Gecko) Chrome/120.0.0.0 Safari/537.36"
157.15.40.28 - - [08/Apr/2026:15:57:16 -0400] "GET /wp-admin/includes/index.php HTTP/1.1" 503 856 "-" "Mozilla/5.0 (Macintosh; Intel Mac OS X 10_15_7) AppleWebKit/537.36 (KHTML, like Gecko) Chrome/120.0.0.0 Safari/537.36"
157.15.40.28 - - [08/Apr/2026:15:57:19 -0400] "GET /wp-admin/includes/index.php HTTP/1.1" 503 856 "-" "Mozilla/5.0 (Macintosh; Intel Mac OS X 10_15_7) AppleWebKit/537.36 (KHTML, like Gecko) Chrome/120.0.0.0 Safari/537.36"
157.15.40.28 - - [08/Apr/2026:15:57:24 -0400] "GET /wp-admin/includes/index.php HTTP/1.1" 503 856 "-" "Mozilla/5.0 (Macintosh; Intel Mac OS X 10_15_7) AppleWebKit/537.36 (KHTML, like Gecko) Chrome/120.0.0.0 Safari/537.36"
157.15.40.28 - - [08/Apr/2026:15:57:26 -0400] "GET /wp-admin/includes/php.php HTTP/1.1" 503 856 "-" "Mozilla/5.0 (Macintosh; Intel Mac OS X 10_15_7) AppleWebKit/537.36 (KHTML, like Gecko) Chrome/120.0.0.0 Safari/537.36"
157.15.40.28 - - [08/Apr/2026:15:57:27 -0400] "GET /wp-admin/includes/php.php HTTP/1.1" 503 856 "-" "Mozilla/5.0 (Macintosh; Intel Mac OS X 10_15_7) AppleWebKit/537.36 (KHTML, like Gecko) Chrome/120.0.0.0 Safari/537.36"
2a03:2880:f806:2b:: - - [08/Apr/2026:15:57:28 -0400] "GET /kinghills-casino-login-access-your-gaming-adventur/ HTTP/1.1" 200 446 "-" "meta-externalagent/1.1 (+https://developers.facebook.com/docs/sharing/webmasters/crawler)"
157.15.40.28 - - [08/Apr/2026:15:57:30 -0400] "GET /wp-admin/includes/php.php HTTP/1.1" 503 856 "-" "Mozilla/5.0 (Macintosh; Intel Mac OS X 10_15_7) AppleWebKit/537.36 (KHTML, like Gecko) Chrome/120.0.0.0 Safari/537.36"
157.15.40.28 - - [08/Apr/2026:15:57:34 -0400] "GET /wp-admin/includes/php.php HTTP/1.1" 503 856 "-" "Mozilla/5.0 (Macintosh; Intel Mac OS X 10_15_7) AppleWebKit/537.36 (KHTML, like Gecko) Chrome/120.0.0.0 Safari/537.36"
157.15.40.28 - - [08/Apr/2026:15:57:37 -0400] "GET /wp-admin/includes/php.php HTTP/1.1" 503 856 "-" "Mozilla/5.0 (Macintosh; Intel Mac OS X 10_15_7) AppleWebKit/537.36 (KHTML, like Gecko) Chrome/120.0.0.0 Safari/537.36"
157.15.40.28 - - [08/Apr/2026:15:57:38 -0400] "GET /wp-admin/includes/php.php HTTP/1.1" 503 856 "-" "Mozilla/5.0 (Macintosh; Intel Mac OS X 10_15_7) AppleWebKit/537.36 (KHTML, like Gecko) Chrome/120.0.0.0 Safari/537.36"
157.15.40.28 - - [08/Apr/2026:15:57:40 -0400] "GET /wp-admin/includes/php.php HTTP/1.1" 503 856 "-" "Mozilla/5.0 (Macintosh; Intel Mac OS X 10_15_7) AppleWebKit/537.36 (KHTML, like Gecko) Chrome/120.0.0.0 Safari/537.36"
157.15.40.28 - - [08/Apr/2026:15:57:46 -0400] "GET /wp-admin/includes/php.php HTTP/1.1" 503 856 "-" "Mozilla/5.0 (Macintosh; Intel Mac OS X 10_15_7) AppleWebKit/537.36 (KHTML, like Gecko) Chrome/120.0.0.0 Safari/537.36"
157.15.40.28 - - [08/Apr/2026:15:57:52 -0400] "GET /wp-admin/includes/php.php HTTP/1.1" 503 856 "-" "Mozilla/5.0 (Macintosh; Intel Mac OS X 10_15_7) AppleWebKit/537.36 (KHTML, like Gecko) Chrome/120.0.0.0 Safari/537.36"
157.15.40.28 - - [08/Apr/2026:15:57:52 -0400] "GET /wp-admin/includes/php.php HTTP/1.1" 503 856 "-" "Mozilla/5.0 (Macintosh; Intel Mac OS X 10_15_7) AppleWebKit/537.36 (KHTML, like Gecko) Chrome/120.0.0.0 Safari/537.36"
157.15.40.28 - - [08/Apr/2026:15:57:56 -0400] "GET /wp-admin/includes/php.php HTTP/1.1" 503 856 "-" "Mozilla/5.0 (Macintosh; Intel Mac OS X 10_15_7) AppleWebKit/537.36 (KHTML, like Gecko) Chrome/120.0.0.0 Safari/537.36"
157.15.40.28 - - [08/Apr/2026:15:58:02 -0400] "GET /wp-admin/includes/php.php HTTP/1.1" 503 856 "-" "Mozilla/5.0 (Macintosh; Intel Mac OS X 10_15_7) AppleWebKit/537.36 (KHTML, like Gecko) Chrome/120.0.0.0 Safari/537.36"
157.15.40.28 - - [08/Apr/2026:15:58:07 -0400] "GET /wp-admin/includes/shell.php HTTP/1.1" 503 856 "-" "Mozilla/5.0 (Macintosh; Intel Mac OS X 10_15_7) AppleWebKit/537.36 (KHTML, like Gecko) Chrome/120.0.0.0 Safari/537.36"
157.15.40.28 - - [08/Apr/2026:15:58:07 -0400] "GET /wp-admin/includes/shell.php HTTP/1.1" 503 856 "-" "Mozilla/5.0 (Macintosh; Intel Mac OS X 10_15_7) AppleWebKit/537.36 (KHTML, like Gecko) Chrome/120.0.0.0 Safari/537.36"
157.15.40.28 - - [08/Apr/2026:15:58:10 -0400] "GET /wp-admin/includes/shell.php HTTP/1.1" 503 856 "-" "Mozilla/5.0 (Macintosh; Intel Mac OS X 10_15_7) AppleWebKit/537.36 (KHTML, like Gecko) Chrome/120.0.0.0 Safari/537.36"
157.15.40.28 - - [08/Apr/2026:15:58:16 -0400] "GET /wp-admin/includes/shell.php HTTP/1.1" 503 856 "-" "Mozilla/5.0 (Macintosh; Intel Mac OS X 10_15_7) AppleWebKit/537.36 (KHTML, like Gecko) Chrome/120.0.0.0 Safari/537.36"
157.15.40.28 - - [08/Apr/2026:15:58:19 -0400] "GET /wp-admin/includes/shell.php HTTP/1.1" 503 856 "-" "Mozilla/5.0 (Macintosh; Intel Mac OS X 10_15_7) AppleWebKit/537.36 (KHTML, like Gecko) Chrome/120.0.0.0 Safari/537.36"
157.15.40.28 - - [08/Apr/2026:15:58:21 -0400] "GET /wp-admin/includes/shell.php HTTP/1.1" 503 856 "-" "Mozilla/5.0 (Macintosh; Intel Mac OS X 10_15_7) AppleWebKit/537.36 (KHTML, like Gecko) Chrome/120.0.0.0 Safari/537.36"
157.15.40.28 - - [08/Apr/2026:15:58:24 -0400] "GET /wp-admin/includes/shell.php HTTP/1.1" 503 856 "-" "Mozilla/5.0 (Macintosh; Intel Mac OS X 10_15_7) AppleWebKit/537.36 (KHTML, like Gecko) Chrome/120.0.0.0 Safari/537.36"
157.15.40.28 - - [08/Apr/2026:15:58:29 -0400] "GET /wp-admin/includes/shell.php HTTP/1.1" 503 856 "-" "Mozilla/5.0 (Macintosh; Intel Mac OS X 10_15_7) AppleWebKit/537.36 (KHTML, like Gecko) Chrome/120.0.0.0 Safari/537.36"
157.15.40.28 - - [08/Apr/2026:15:58:36 -0400] "GET /wp-admin/includes/shell.php HTTP/1.1" 503 856 "-" "Mozilla/5.0 (Macintosh; Intel Mac OS X 10_15_7) AppleWebKit/537.36 (KHTML, like Gecko) Chrome/120.0.0.0 Safari/537.36"
157.15.40.28 - - [08/Apr/2026:15:58:37 -0400] "GET /wp-admin/includes/shell.php HTTP/1.1" 503 856 "-" "Mozilla/5.0 (Macintosh; Intel Mac OS X 10_15_7) AppleWebKit/537.36 (KHTML, like Gecko) Chrome/120.0.0.0 Safari/537.36"
157.15.40.28 - - [08/Apr/2026:15:58:41 -0400] "GET /wp-admin/includes/shell.php HTTP/1.1" 503 856 "-" "Mozilla/5.0 (Macintosh; Intel Mac OS X 10_15_7) AppleWebKit/537.36 (KHTML, like Gecko) Chrome/120.0.0.0 Safari/537.36"
157.15.40.28 - - [08/Apr/2026:15:58:46 -0400] "GET /wp-admin/includes/shell.php HTTP/1.1" 503 856 "-" "Mozilla/5.0 (Macintosh; Intel Mac OS X 10_15_7) AppleWebKit/537.36 (KHTML, like Gecko) Chrome/120.0.0.0 Safari/537.36"
157.15.40.28 - - [08/Apr/2026:15:58:58 -0400] "GET /wp-admin/includes/cmd.php HTTP/1.1" 503 856 "-" "Mozilla/5.0 (Macintosh; Intel Mac OS X 10_15_7) AppleWebKit/537.36 (KHTML, like Gecko) Chrome/120.0.0.0 Safari/537.36"
157.15.40.28 - - [08/Apr/2026:15:58:59 -0400] "GET /wp-admin/includes/cmd.php HTTP/1.1" 503 856 "-" "Mozilla/5.0 (Macintosh; Intel Mac OS X 10_15_7) AppleWebKit/537.36 (KHTML, like Gecko) Chrome/120.0.0.0 Safari/537.36"
157.15.40.28 - - [08/Apr/2026:15:59:03 -0400] "GET /wp-admin/includes/cmd.php HTTP/1.1" 503 856 "-" "Mozilla/5.0 (Macintosh; Intel Mac OS X 10_15_7) AppleWebKit/537.36 (KHTML, like Gecko) Chrome/120.0.0.0 Safari/537.36"
157.15.40.28 - - [08/Apr/2026:15:59:07 -0400] "GET /wp-admin/includes/cmd.php HTTP/1.1" 503 856 "-" "Mozilla/5.0 (Macintosh; Intel Mac OS X 10_15_7) AppleWebKit/537.36 (KHTML, like Gecko) Chrome/120.0.0.0 Safari/537.36"
157.15.40.28 - - [08/Apr/2026:15:59:10 -0400] "GET /wp-admin/includes/cmd.php HTTP/1.1" 503 856 "-" "Mozilla/5.0 (Macintosh; Intel Mac OS X 10_15_7) AppleWebKit/537.36 (KHTML, like Gecko) Chrome/120.0.0.0 Safari/537.36"
157.15.40.28 - - [08/Apr/2026:15:59:11 -0400] "GET /wp-admin/includes/cmd.php HTTP/1.1" 503 856 "-" "Mozilla/5.0 (Macintosh; Intel Mac OS X 10_15_7) AppleWebKit/537.36 (KHTML, like Gecko) Chrome/120.0.0.0 Safari/537.36"
157.15.40.28 - - [08/Apr/2026:15:59:14 -0400] "GET /wp-admin/includes/cmd.php HTTP/1.1" 503 856 "-" "Mozilla/5.0 (Macintosh; Intel Mac OS X 10_15_7) AppleWebKit/537.36 (KHTML, like Gecko) Chrome/120.0.0.0 Safari/537.36"
157.15.40.28 - - [08/Apr/2026:15:59:19 -0400] "GET /wp-admin/includes/cmd.php HTTP/1.1" 503 856 "-" "Mozilla/5.0 (Macintosh; Intel Mac OS X 10_15_7) AppleWebKit/537.36 (KHTML, like Gecko) Chrome/120.0.0.0 Safari/537.36"
157.15.40.28 - - [08/Apr/2026:15:59:24 -0400] "GET /wp-admin/includes/cmd.php HTTP/1.1" 503 856 "-" "Mozilla/5.0 (Macintosh; Intel Mac OS X 10_15_7) AppleWebKit/537.36 (KHTML, like Gecko) Chrome/120.0.0.0 Safari/537.36"
157.15.40.28 - - [08/Apr/2026:15:59:24 -0400] "GET /wp-admin/includes/cmd.php HTTP/1.1" 503 856 "-" "Mozilla/5.0 (Macintosh; Intel Mac OS X 10_15_7) AppleWebKit/537.36 (KHTML, like Gecko) Chrome/120.0.0.0 Safari/537.36"
74.208.122.173 - - [08/Apr/2026:15:59:21 -0400] "POST /wp-content/plugins/zltuu/index.php HTTP/1.1" 403 446 "-" "Mozilla/5.0 (Windows NT 10.0; Win64; x64) AppleWebKit/537.36 (KHTML, like Gecko) Chrome/138.0.0.0 Safari/537.36"
74.208.122.173 - - [08/Apr/2026:15:59:21 -0400] "POST /wp-content/plugins/udtaf/index.php HTTP/1.1" 403 446 "-" "Mozilla/5.0 (Windows NT 10.0; Win64; x64) AppleWebKit/537.36 (KHTML, like Gecko) Chrome/138.0.0.0 Safari/537.36"
74.208.122.173 - - [08/Apr/2026:15:59:25 -0400] "POST /wp-content/plugins/zltuu/index.php HTTP/1.1" 403 446 "-" "Mozilla/5.0 (Windows NT 10.0; Win64; x64) AppleWebKit/537.36 (KHTML, like Gecko) Chrome/138.0.0.0 Safari/537.36"
74.208.122.173 - - [08/Apr/2026:15:59:25 -0400] "POST /wp-content/plugins/udtaf/index.php HTTP/1.1" 403 446 "-" "Mozilla/5.0 (Windows NT 10.0; Win64; x64) AppleWebKit/537.36 (KHTML, like Gecko) Chrome/138.0.0.0 Safari/537.36"
74.208.122.173 - - [08/Apr/2026:15:59:22 -0400] "POST /wp-content/plugins/ecudj/index.php HTTP/1.1" 503 856 "-" "Mozilla/5.0 (Windows NT 10.0; Win64; x64) AppleWebKit/537.36 (KHTML, like Gecko) Chrome/138.0.0.0 Safari/537.36"
157.15.40.28 - - [08/Apr/2026:15:59:28 -0400] "GET /wp-admin/includes/cmd.php HTTP/1.1" 503 856 "-" "Mozilla/5.0 (Macintosh; Intel Mac OS X 10_15_7) AppleWebKit/537.36 (KHTML, like Gecko) Chrome/120.0.0.0 Safari/537.36"
74.208.122.173 - - [08/Apr/2026:15:59:22 -0400] "POST /wp-content/plugins/rxoqp/index.php HTTP/1.1" 503 856 "-" "Mozilla/5.0 (Windows NT 10.0; Win64; x64) AppleWebKit/537.36 (KHTML, like Gecko) Chrome/138.0.0.0 Safari/537.36"
74.208.122.173 - - [08/Apr/2026:15:59:27 -0400] "POST /wp-content/plugins/zltuu/index.php HTTP/1.1" 503 856 "-" "Mozilla/5.0 (Windows NT 10.0; Win64; x64) AppleWebKit/537.36 (KHTML, like Gecko) Chrome/138.0.0.0 Safari/537.36"
74.208.122.173 - - [08/Apr/2026:15:59:24 -0400] "POST /wp-content/plugins/cnzqd/index.php HTTP/1.1" 403 446 "-" "Mozilla/5.0 (Windows NT 10.0; Win64; x64) AppleWebKit/537.36 (KHTML, like Gecko) Chrome/138.0.0.0 Safari/537.36"
74.208.122.173 - - [08/Apr/2026:15:59:27 -0400] "POST /wp-content/plugins/udtaf/index.php HTTP/1.1" 503 856 "-" "Mozilla/5.0 (Windows NT 10.0; Win64; x64) AppleWebKit/537.36 (KHTML, like Gecko) Chrome/138.0.0.0 Safari/537.36"
74.208.122.173 - - [08/Apr/2026:15:59:29 -0400] "POST /wp-content/plugins/rxoqp/index.php HTTP/1.1" 403 446 "-" "Mozilla/5.0 (Windows NT 10.0; Win64; x64) AppleWebKit/537.36 (KHTML, like Gecko) Chrome/138.0.0.0 Safari/537.36"
74.208.122.173 - - [08/Apr/2026:15:59:28 -0400] "POST /wp-content/plugins/ecudj/index.php HTTP/1.1" 403 446 "-" "Mozilla/5.0 (Windows NT 10.0; Win64; x64) AppleWebKit/537.36 (KHTML, like Gecko) Chrome/138.0.0.0 Safari/537.36"
74.208.122.173 - - [08/Apr/2026:15:59:29 -0400] "POST /wp-content/plugins/cnzqd/index.php HTTP/1.1" 403 446 "-" "Mozilla/5.0 (Windows NT 10.0; Win64; x64) AppleWebKit/537.36 (KHTML, like Gecko) Chrome/138.0.0.0 Safari/537.36"
74.208.122.173 - - [08/Apr/2026:15:59:29 -0400] "POST /wp-content/plugins/zltuu/index.php HTTP/1.1" 403 446 "-" "Mozilla/5.0 (Windows NT 10.0; Win64; x64) AppleWebKit/537.36 (KHTML, like Gecko) Chrome/138.0.0.0 Safari/537.36"
74.208.122.173 - - [08/Apr/2026:15:59:24 -0400] "POST /wp-content/plugins/ppqlq/index.php HTTP/1.1" 403 446 "-" "Mozilla/5.0 (Windows NT 10.0; Win64; x64) AppleWebKit/537.36 (KHTML, like Gecko) Chrome/138.0.0.0 Safari/537.36"
74.208.122.173 - - [08/Apr/2026:15:59:29 -0400] "POST /wp-content/plugins/udtaf/index.php HTTP/1.1" 403 446 "-" "Mozilla/5.0 (Windows NT 10.0; Win64; x64) AppleWebKit/537.36 (KHTML, like Gecko) Chrome/138.0.0.0 Safari/537.36"
74.208.122.173 - - [08/Apr/2026:15:59:30 -0400] "POST /wp-content/plugins/ecudj/index.php HTTP/1.1" 503 856 "-" "Mozilla/5.0 (Windows NT 10.0; Win64; x64) AppleWebKit/537.36 (KHTML, like Gecko) Chrome/138.0.0.0 Safari/537.36"
74.208.122.173 - - [08/Apr/2026:15:59:30 -0400] "POST /wp-content/plugins/rxoqp/index.php HTTP/1.1" 503 856 "-" "Mozilla/5.0 (Windows NT 10.0; Win64; x64) AppleWebKit/537.36 (KHTML, like Gecko) Chrome/138.0.0.0 Safari/537.36"
74.208.122.173 - - [08/Apr/2026:15:59:31 -0400] "POST /wp-content/plugins/ppqlq/index.php HTTP/1.1" 503 856 "-" "Mozilla/5.0 (Windows NT 10.0; Win64; x64) AppleWebKit/537.36 (KHTML, like Gecko) Chrome/138.0.0.0 Safari/537.36"
74.208.122.173 - - [08/Apr/2026:15:59:25 -0400] "POST /wp-content/plugins/voxft/index.php HTTP/1.1" 503 856 "-" "Mozilla/5.0 (Windows NT 10.0; Win64; x64) AppleWebKit/537.36 (KHTML, like Gecko) Chrome/138.0.0.0 Safari/537.36"
74.208.122.173 - - [08/Apr/2026:15:59:26 -0400] "POST /wp-content/plugins/uffvf/index.php HTTP/1.1" 403 446 "-" "Mozilla/5.0 (Windows NT 10.0; Win64; x64) AppleWebKit/537.36 (KHTML, like Gecko) Chrome/138.0.0.0 Safari/537.36"
74.208.122.173 - - [08/Apr/2026:15:59:26 -0400] "POST /wp-content/plugins/kttbq/index.php HTTP/1.1" 403 446 "-" "Mozilla/5.0 (Windows NT 10.0; Win64; x64) AppleWebKit/537.36 (KHTML, like Gecko) Chrome/138.0.0.0 Safari/537.36"
157.15.40.28 - - [08/Apr/2026:15:59:33 -0400] "GET /wp-admin/includes/cmd.php HTTP/1.1" 503 856 "-" "Mozilla/5.0 (Macintosh; Intel Mac OS X 10_15_7) AppleWebKit/537.36 (KHTML, like Gecko) Chrome/120.0.0.0 Safari/537.36"
74.208.122.173 - - [08/Apr/2026:15:59:33 -0400] "POST /wp-content/plugins/voxft/index.php HTTP/1.1" 403 446 "-" "Mozilla/5.0 (Windows NT 10.0; Win64; x64) AppleWebKit/537.36 (KHTML, like Gecko) Chrome/138.0.0.0 Safari/537.36"
74.208.122.173 - - [08/Apr/2026:15:59:33 -0400] "POST /wp-content/plugins/kttbq/index.php HTTP/1.1" 503 856 "-" "Mozilla/5.0 (Windows NT 10.0; Win64; x64) AppleWebKit/537.36 (KHTML, like Gecko) Chrome/138.0.0.0 Safari/537.36"
74.208.122.173 - - [08/Apr/2026:15:59:33 -0400] "POST /wp-content/plugins/uffvf/index.php HTTP/1.1" 503 856 "-" "Mozilla/5.0 (Windows NT 10.0; Win64; x64) AppleWebKit/537.36 (KHTML, like Gecko) Chrome/138.0.0.0 Safari/537.36"
74.208.122.173 - - [08/Apr/2026:15:59:31 -0400] "POST /wp-content/plugins/cnzqd/index.php HTTP/1.1" 503 856 "-" "Mozilla/5.0 (Windows NT 10.0; Win64; x64) AppleWebKit/537.36 (KHTML, like Gecko) Chrome/138.0.0.0 Safari/537.36"
74.208.122.173 - - [08/Apr/2026:15:59:33 -0400] "POST /wp-content/plugins/ppqlq/index.php HTTP/1.1" 503 856 "-" "Mozilla/5.0 (Windows NT 10.0; Win64; x64) AppleWebKit/537.36 (KHTML, like Gecko) Chrome/138.0.0.0 Safari/537.36"
74.208.122.173 - - [08/Apr/2026:15:59:32 -0400] "POST /wp-content/plugins/rxoqp/index.php HTTP/1.1" 403 446 "-" "Mozilla/5.0 (Windows NT 10.0; Win64; x64) AppleWebKit/537.36 (KHTML, like Gecko) Chrome/138.0.0.0 Safari/537.36"
74.208.122.173 - - [08/Apr/2026:15:59:32 -0400] "POST /wp-content/plugins/ecudj/index.php HTTP/1.1" 403 446 "-" "Mozilla/5.0 (Windows NT 10.0; Win64; x64) AppleWebKit/537.36 (KHTML, like Gecko) Chrome/138.0.0.0 Safari/537.36"
157.15.40.28 - - [08/Apr/2026:15:59:35 -0400] "GET /wp-admin/includes/wso.php HTTP/1.1" 503 856 "-" "Mozilla/5.0 (Macintosh; Intel Mac OS X 10_15_7) AppleWebKit/537.36 (KHTML, like Gecko) Chrome/120.0.0.0 Safari/537.36"
74.208.122.173 - - [08/Apr/2026:15:59:34 -0400] "POST /wp-content/plugins/kttbq/index.php HTTP/1.1" 503 856 "-" "Mozilla/5.0 (Windows NT 10.0; Win64; x64) AppleWebKit/537.36 (KHTML, like Gecko) Chrome/138.0.0.0 Safari/537.36"
74.208.122.173 - - [08/Apr/2026:15:59:34 -0400] "POST /wp-content/plugins/voxft/index.php HTTP/1.1" 503 856 "-" "Mozilla/5.0 (Windows NT 10.0; Win64; x64) AppleWebKit/537.36 (KHTML, like Gecko) Chrome/138.0.0.0 Safari/537.36"
74.208.122.173 - - [08/Apr/2026:15:59:35 -0400] "POST /wp-content/plugins/cnzqd/index.php HTTP/1.1" 403 446 "-" "Mozilla/5.0 (Windows NT 10.0; Win64; x64) AppleWebKit/537.36 (KHTML, like Gecko) Chrome/138.0.0.0 Safari/537.36"
157.15.40.28 - - [08/Apr/2026:15:59:36 -0400] "GET /wp-admin/includes/wso.php HTTP/1.1" 503 856 "-" "Mozilla/5.0 (Macintosh; Intel Mac OS X 10_15_7) AppleWebKit/537.36 (KHTML, like Gecko) Chrome/120.0.0.0 Safari/537.36"
74.208.122.173 - - [08/Apr/2026:15:59:34 -0400] "POST /wp-content/plugins/uffvf/index.php HTTP/1.1" 503 856 "-" "Mozilla/5.0 (Windows NT 10.0; Win64; x64) AppleWebKit/537.36 (KHTML, like Gecko) Chrome/138.0.0.0 Safari/537.36"
74.208.122.173 - - [08/Apr/2026:15:59:35 -0400] "POST /wp-content/plugins/ppqlq/index.php HTTP/1.1" 403 446 "-" "Mozilla/5.0 (Windows NT 10.0; Win64; x64) AppleWebKit/537.36 (KHTML, like Gecko) Chrome/138.0.0.0 Safari/537.36"
74.208.122.173 - - [08/Apr/2026:15:59:36 -0400] "POST /wp-content/plugins/kttbq/index.php HTTP/1.1" 403 446 "-" "Mozilla/5.0 (Windows NT 10.0; Win64; x64) AppleWebKit/537.36 (KHTML, like Gecko) Chrome/138.0.0.0 Safari/537.36"
74.208.122.173 - - [08/Apr/2026:15:59:36 -0400] "POST /wp-content/plugins/voxft/index.php HTTP/1.1" 403 446 "-" "Mozilla/5.0 (Windows NT 10.0; Win64; x64) AppleWebKit/537.36 (KHTML, like Gecko) Chrome/138.0.0.0 Safari/537.36"
74.208.122.173 - - [08/Apr/2026:15:59:36 -0400] "POST /wp-content/plugins/uffvf/index.php HTTP/1.1" 403 446 "-" "Mozilla/5.0 (Windows NT 10.0; Win64; x64) AppleWebKit/537.36 (KHTML, like Gecko) Chrome/138.0.0.0 Safari/537.36"
157.15.40.28 - - [08/Apr/2026:15:59:39 -0400] "GET /wp-admin/includes/wso.php HTTP/1.1" 503 856 "-" "Mozilla/5.0 (Macintosh; Intel Mac OS X 10_15_7) AppleWebKit/537.36 (KHTML, like Gecko) Chrome/120.0.0.0 Safari/537.36"
14.179.8.174 - - [08/Apr/2026:15:59:40 -0400] "GET /category/online-casino-au/ HTTP/1.1" 200 446 "-" "Mozilla/5.0 (Macintosh; Intel Mac OS X 10_14_6) AppleWebKit/537.36 (KHTML, like Gecko) Chrome/89.0.4389.90 Safari/537.36"
157.15.40.28 - - [08/Apr/2026:15:59:44 -0400] "GET /wp-admin/includes/wso.php HTTP/1.1" 503 856 "-" "Mozilla/5.0 (Macintosh; Intel Mac OS X 10_15_7) AppleWebKit/537.36 (KHTML, like Gecko) Chrome/120.0.0.0 Safari/537.36"
74.208.122.173 - - [08/Apr/2026:15:59:43 -0400] "POST /wp-content/plugins/aammn/index.php HTTP/1.1" 503 856 "-" "Mozilla/5.0 (Windows NT 10.0; Win64; x64) AppleWebKit/537.36 (KHTML, like Gecko) Chrome/138.0.0.0 Safari/537.36"
74.208.122.173 - - [08/Apr/2026:15:59:48 -0400] "POST /wp-content/plugins/aammn/index.php HTTP/1.1" 503 856 "-" "Mozilla/5.0 (Windows NT 10.0; Win64; x64) AppleWebKit/537.36 (KHTML, like Gecko) Chrome/138.0.0.0 Safari/537.36"
74.208.122.173 - - [08/Apr/2026:15:59:45 -0400] "POST /wp-content/plugins/aqced/index.php HTTP/1.1" 403 446 "-" "Mozilla/5.0 (Windows NT 10.0; Win64; x64) AppleWebKit/537.36 (KHTML, like Gecko) Chrome/138.0.0.0 Safari/537.36"
157.15.40.28 - - [08/Apr/2026:15:59:49 -0400] "GET /wp-admin/includes/wso.php HTTP/1.1" 503 856 "-" "Mozilla/5.0 (Macintosh; Intel Mac OS X 10_15_7) AppleWebKit/537.36 (KHTML, like Gecko) Chrome/120.0.0.0 Safari/537.36"
74.208.122.173 - - [08/Apr/2026:15:59:49 -0400] "POST /wp-content/plugins/aqced/index.php HTTP/1.1" 503 856 "-" "Mozilla/5.0 (Windows NT 10.0; Win64; x64) AppleWebKit/537.36 (KHTML, like Gecko) Chrome/138.0.0.0 Safari/537.36"
74.208.122.173 - - [08/Apr/2026:15:59:46 -0400] "POST /wp-content/plugins/rypjr/index.php HTTP/1.1" 403 446 "-" "Mozilla/5.0 (Windows NT 10.0; Win64; x64) AppleWebKit/537.36 (KHTML, like Gecko) Chrome/138.0.0.0 Safari/537.36"
157.15.40.28 - - [08/Apr/2026:15:59:50 -0400] "GET /wp-admin/includes/wso.php HTTP/1.1" 503 856 "-" "Mozilla/5.0 (Macintosh; Intel Mac OS X 10_15_7) AppleWebKit/537.36 (KHTML, like Gecko) Chrome/120.0.0.0 Safari/537.36"
74.208.122.173 - - [08/Apr/2026:15:59:46 -0400] "POST /wp-content/plugins/zvoos/index.php HTTP/1.1" 403 446 "-" "Mozilla/5.0 (Windows NT 10.0; Win64; x64) AppleWebKit/537.36 (KHTML, like Gecko) Chrome/138.0.0.0 Safari/537.36"
74.208.122.173 - - [08/Apr/2026:15:59:49 -0400] "POST /wp-content/plugins/aammn/index.php HTTP/1.1" 503 856 "-" "Mozilla/5.0 (Windows NT 10.0; Win64; x64) AppleWebKit/537.36 (KHTML, like Gecko) Chrome/138.0.0.0 Safari/537.36"
74.208.122.173 - - [08/Apr/2026:15:59:47 -0400] "POST /wp-content/plugins/xtedu/index.php HTTP/1.1" 403 446 "-" "Mozilla/5.0 (Windows NT 10.0; Win64; x64) AppleWebKit/537.36 (KHTML, like Gecko) Chrome/138.0.0.0 Safari/537.36"
74.208.122.173 - - [08/Apr/2026:15:59:51 -0400] "POST /wp-content/plugins/zvoos/index.php HTTP/1.1" 503 856 "-" "Mozilla/5.0 (Windows NT 10.0; Win64; x64) AppleWebKit/537.36 (KHTML, like Gecko) Chrome/138.0.0.0 Safari/537.36"
74.208.122.173 - - [08/Apr/2026:15:59:50 -0400] "POST /wp-content/plugins/rypjr/index.php HTTP/1.1" 403 446 "-" "Mozilla/5.0 (Windows NT 10.0; Win64; x64) AppleWebKit/537.36 (KHTML, like Gecko) Chrome/138.0.0.0 Safari/537.36"
74.208.122.173 - - [08/Apr/2026:15:59:50 -0400] "POST /wp-content/plugins/aqced/index.php HTTP/1.1" 503 856 "-" "Mozilla/5.0 (Windows NT 10.0; Win64; x64) AppleWebKit/537.36 (KHTML, like Gecko) Chrome/138.0.0.0 Safari/537.36"
74.208.122.173 - - [08/Apr/2026:15:59:51 -0400] "POST /wp-content/plugins/xtedu/index.php HTTP/1.1" 503 856 "-" "Mozilla/5.0 (Windows NT 10.0; Win64; x64) AppleWebKit/537.36 (KHTML, like Gecko) Chrome/138.0.0.0 Safari/537.36"
74.208.122.173 - - [08/Apr/2026:15:59:51 -0400] "POST /wp-content/plugins/aammn/index.php HTTP/1.1" 403 446 "-" "Mozilla/5.0 (Windows NT 10.0; Win64; x64) AppleWebKit/537.36 (KHTML, like Gecko) Chrome/138.0.0.0 Safari/537.36"
74.208.122.173 - - [08/Apr/2026:15:59:51 -0400] "POST /wp-content/plugins/zvoos/index.php HTTP/1.1" 503 856 "-" "Mozilla/5.0 (Windows NT 10.0; Win64; x64) AppleWebKit/537.36 (KHTML, like Gecko) Chrome/138.0.0.0 Safari/537.36"
74.208.122.173 - - [08/Apr/2026:15:59:52 -0400] "POST /wp-content/plugins/aqced/index.php HTTP/1.1" 403 446 "-" "Mozilla/5.0 (Windows NT 10.0; Win64; x64) AppleWebKit/537.36 (KHTML, like Gecko) Chrome/138.0.0.0 Safari/537.36"
157.15.40.28 - - [08/Apr/2026:15:59:54 -0400] "GET /wp-admin/includes/wso.php HTTP/1.1" 503 856 "-" "Mozilla/5.0 (Macintosh; Intel Mac OS X 10_15_7) AppleWebKit/537.36 (KHTML, like Gecko) Chrome/120.0.0.0 Safari/537.36"
74.208.122.173 - - [08/Apr/2026:15:59:52 -0400] "POST /wp-content/plugins/xtedu/index.php HTTP/1.1" 503 856 "-" "Mozilla/5.0 (Windows NT 10.0; Win64; x64) AppleWebKit/537.36 (KHTML, like Gecko) Chrome/138.0.0.0 Safari/537.36"
74.208.122.173 - - [08/Apr/2026:15:59:52 -0400] "POST /wp-content/plugins/rypjr/index.php HTTP/1.1" 503 856 "-" "Mozilla/5.0 (Windows NT 10.0; Win64; x64) AppleWebKit/537.36 (KHTML, like Gecko) Chrome/138.0.0.0 Safari/537.36"
74.208.122.173 - - [08/Apr/2026:15:59:53 -0400] "POST /wp-content/plugins/zvoos/index.php HTTP/1.1" 403 446 "-" "Mozilla/5.0 (Windows NT 10.0; Win64; x64) AppleWebKit/537.36 (KHTML, like Gecko) Chrome/138.0.0.0 Safari/537.36"
74.208.122.173 - - [08/Apr/2026:15:59:54 -0400] "POST /wp-content/plugins/xtedu/index.php HTTP/1.1" 403 446 "-" "Mozilla/5.0 (Windows NT 10.0; Win64; x64) AppleWebKit/537.36 (KHTML, like Gecko) Chrome/138.0.0.0 Safari/537.36"
74.208.122.173 - - [08/Apr/2026:15:59:55 -0400] "POST /wp-content/plugins/rypjr/index.php HTTP/1.1" 403 446 "-" "Mozilla/5.0 (Windows NT 10.0; Win64; x64) AppleWebKit/537.36 (KHTML, like Gecko) Chrome/138.0.0.0 Safari/537.36"
157.15.40.28 - - [08/Apr/2026:16:00:00 -0400] "GET /wp-admin/includes/wso.php HTTP/1.1" 503 856 "-" "Mozilla/5.0 (Macintosh; Intel Mac OS X 10_15_7) AppleWebKit/537.36 (KHTML, like Gecko) Chrome/120.0.0.0 Safari/537.36"
157.15.40.28 - - [08/Apr/2026:16:00:04 -0400] "GET /wp-admin/includes/wso.php HTTP/1.1" 503 856 "-" "Mozilla/5.0 (Macintosh; Intel Mac OS X 10_15_7) AppleWebKit/537.36 (KHTML, like Gecko) Chrome/120.0.0.0 Safari/537.36"
74.208.122.173 - - [08/Apr/2026:16:00:53 -0400] "POST /wp-content/plugins/znhzx/index.php HTTP/1.1" 403 446 "-" "Mozilla/5.0 (Windows NT 10.0; Win64; x64) AppleWebKit/537.36 (KHTML, like Gecko) Chrome/138.0.0.0 Safari/537.36"
74.208.122.173 - - [08/Apr/2026:16:00:54 -0400] "POST /wp-content/plugins/uoueb/index.php HTTP/1.1" 403 446 "-" "Mozilla/5.0 (Windows NT 10.0; Win64; x64) AppleWebKit/537.36 (KHTML, like Gecko) Chrome/138.0.0.0 Safari/537.36"
74.208.122.173 - - [08/Apr/2026:16:00:58 -0400] "POST /wp-content/plugins/znhzx/index.php HTTP/1.1" 503 856 "-" "Mozilla/5.0 (Windows NT 10.0; Win64; x64) AppleWebKit/537.36 (KHTML, like Gecko) Chrome/138.0.0.0 Safari/537.36"
74.208.122.173 - - [08/Apr/2026:16:00:54 -0400] "POST /wp-content/plugins/jnivo/index.php HTTP/1.1" 503 856 "-" "Mozilla/5.0 (Windows NT 10.0; Win64; x64) AppleWebKit/537.36 (KHTML, like Gecko) Chrome/138.0.0.0 Safari/537.36"
74.208.122.173 - - [08/Apr/2026:16:00:58 -0400] "POST /wp-content/plugins/uoueb/index.php HTTP/1.1" 403 446 "-" "Mozilla/5.0 (Windows NT 10.0; Win64; x64) AppleWebKit/537.36 (KHTML, like Gecko) Chrome/138.0.0.0 Safari/537.36"
74.208.122.173 - - [08/Apr/2026:16:00:55 -0400] "POST /wp-content/plugins/wggqe/index.php HTTP/1.1" 403 446 "-" "Mozilla/5.0 (Windows NT 10.0; Win64; x64) AppleWebKit/537.36 (KHTML, like Gecko) Chrome/138.0.0.0 Safari/537.36"
74.208.122.173 - - [08/Apr/2026:16:01:00 -0400] "POST /wp-content/plugins/jnivo/index.php HTTP/1.1" 503 856 "-" "Mozilla/5.0 (Windows NT 10.0; Win64; x64) AppleWebKit/537.36 (KHTML, like Gecko) Chrome/138.0.0.0 Safari/537.36"
74.208.122.173 - - [08/Apr/2026:16:00:59 -0400] "POST /wp-content/plugins/znhzx/index.php HTTP/1.1" 503 856 "-" "Mozilla/5.0 (Windows NT 10.0; Win64; x64) AppleWebKit/537.36 (KHTML, like Gecko) Chrome/138.0.0.0 Safari/537.36"
74.208.122.173 - - [08/Apr/2026:16:01:00 -0400] "POST /wp-content/plugins/wggqe/index.php HTTP/1.1" 403 446 "-" "Mozilla/5.0 (Windows NT 10.0; Win64; x64) AppleWebKit/537.36 (KHTML, like Gecko) Chrome/138.0.0.0 Safari/537.36"
74.208.122.173 - - [08/Apr/2026:16:01:00 -0400] "POST /wp-content/plugins/uoueb/index.php HTTP/1.1" 503 856 "-" "Mozilla/5.0 (Windows NT 10.0; Win64; x64) AppleWebKit/537.36 (KHTML, like Gecko) Chrome/138.0.0.0 Safari/537.36"
74.208.122.173 - - [08/Apr/2026:16:01:01 -0400] "POST /wp-content/plugins/jnivo/index.php HTTP/1.1" 503 856 "-" "Mozilla/5.0 (Windows NT 10.0; Win64; x64) AppleWebKit/537.36 (KHTML, like Gecko) Chrome/138.0.0.0 Safari/537.36"
74.208.122.173 - - [08/Apr/2026:16:01:01 -0400] "POST /wp-content/plugins/znhzx/index.php HTTP/1.1" 403 446 "-" "Mozilla/5.0 (Windows NT 10.0; Win64; x64) AppleWebKit/537.36 (KHTML, like Gecko) Chrome/138.0.0.0 Safari/537.36"
74.208.122.173 - - [08/Apr/2026:16:01:02 -0400] "POST /wp-content/plugins/wggqe/index.php HTTP/1.1" 503 856 "-" "Mozilla/5.0 (Windows NT 10.0; Win64; x64) AppleWebKit/537.36 (KHTML, like Gecko) Chrome/138.0.0.0 Safari/537.36"
74.208.122.173 - - [08/Apr/2026:16:01:02 -0400] "POST /wp-content/plugins/uoueb/index.php HTTP/1.1" 403 446 "-" "Mozilla/5.0 (Windows NT 10.0; Win64; x64) AppleWebKit/537.36 (KHTML, like Gecko) Chrome/138.0.0.0 Safari/537.36"
74.208.122.173 - - [08/Apr/2026:16:01:02 -0400] "POST /wp-content/plugins/jnivo/index.php HTTP/1.1" 403 446 "-" "Mozilla/5.0 (Windows NT 10.0; Win64; x64) AppleWebKit/537.36 (KHTML, like Gecko) Chrome/138.0.0.0 Safari/537.36"
74.208.122.173 - - [08/Apr/2026:16:01:04 -0400] "POST /wp-content/plugins/wggqe/index.php HTTP/1.1" 403 446 "-" "Mozilla/5.0 (Windows NT 10.0; Win64; x64) AppleWebKit/537.36 (KHTML, like Gecko) Chrome/138.0.0.0 Safari/537.36"
17.241.75.146 - - [08/Apr/2026:16:07:32 -0400] "GET /2025/10/ HTTP/1.1" 200 446 "-" "Mozilla/5.0 (Macintosh; Intel Mac OS X 10_15_7) AppleWebKit/605.1.15 (KHTML, like Gecko) Version/17.4 Safari/605.1.15 (Applebot/0.1; +http://www.apple.com/go/applebot)"
136.109.225.216 - - [08/Apr/2026:16:08:54 -0400] "GET /wp-content/uploads/2021/11/fadyfunlogo-circle.png HTTP/1.1" 200 21863 "-" "Mozilla/5.0 (X11; Linux x86_64) AppleWebKit/537.36 (KHTML, like Gecko) Chrome/91.0.4472.114 Safari/537.36"
2a03:2880:f806:f:: - - [08/Apr/2026:16:10:03 -0400] "GET /kraken-bezopasnye-vkhodnye-ssylki-i-dostup-v-2026/ HTTP/1.1" 200 446 "-" "meta-externalagent/1.1 (+https://developers.facebook.com/docs/sharing/webmasters/crawler)"
144.76.19.27 - - [08/Apr/2026:16:13:52 -0400] "GET /robots.txt HTTP/1.1" 304 0 "-" "Mozilla/5.0 (compatible; SERankingBacklinksBot/1.0; +https://seranking.com/backlinks-crawler)"
144.76.19.27 - - [08/Apr/2026:16:13:52 -0400] "GET /wp-includes/feed-rss.php HTTP/1.1" 503 856 "-" "Mozilla/5.0 (compatible; SERankingBacklinksBot/1.0; +https://seranking.com/backlinks-crawler)"
2a03:2880:f806:f:: - - [08/Apr/2026:16:15:29 -0400] "GET /wp-sitemap-taxonomies-portfolio_categories-1.xml HTTP/1.1" 200 446 "-" "meta-externalagent/1.1 (+https://developers.facebook.com/docs/sharing/webmasters/crawler)"
14.191.35.36 - - [08/Apr/2026:16:16:21 -0400] "GET /2025/08/ HTTP/1.1" 200 446 "-" "Mozilla/5.0 (Windows NT 6.1; WOW64) AppleWebKit/537.36 (KHTML, like Gecko) Chrome/67.0.3396.62 Safari/537.36"
191.96.168.106 - - [08/Apr/2026:16:18:58 -0400] "GET /vipzino-promo-code-maximize-your-online-casino-experience-now/ HTTP/1.1" 200 446 "https://fadyfun.saifookhan.com/" "Mozilla/5.0 (X11; Linux i686) AppleWebKit/537.36 (KHTML, like Gecko) Chrome/114.0.0.0 Safari/537.36 Vivaldi/5.3.2679.68"
2400:9800:164:811b:d0d0:93ff:fef1:332e - - [08/Apr/2026:16:22:53 -0400] "POST /xmlrpc.php HTTP/1.1" 503 856 "-" "python-requests/2.32.5"
40.77.167.38 - - [08/Apr/2026:16:23:05 -0400] "GET /wp-includes/?ND HTTP/1.1" 200 446 "-" "Mozilla/5.0 AppleWebKit/537.36 (KHTML, like Gecko; compatible; bingbot/2.0; +http://www.bing.com/bingbot.htm) Chrome/116.0.1938.76 Safari/537.36"
14.235.32.90 - - [08/Apr/2026:16:27:28 -0400] "GET /author/ipfb8/page/3/ HTTP/1.1" 200 446 "-" "Mozilla/5.0 (Windows NT 6.1; Win64; x64) AppleWebKit/537.36 (KHTML, like Gecko) Chrome/74.0.3729.157 Safari/537.36"
160.250.186.93 - - [08/Apr/2026:16:29:36 -0400] "GET /casinos-en-ligne-decouvrez-les-meilleures-offres-de-mangocasino/ HTTP/1.1" 200 446 "https://fadyfun.saifookhan.com/" "Mozilla/5.0 (X11; Linux x86_64) AppleWebKit/537.36 (KHTML, like Gecko) Chrome/114.0.0.0 Safari/537.36"
209.50.184.118 - - [08/Apr/2026:16:31:47 -0400] "GET /wp-login.php HTTP/1.1" 200 446 "-" "Mozilla/5.0 (Windows NT 10.0; Win64; x64) AppleWebKit/537.36 (KHTML, like Gecko) Chrome/142.0.0.0 Safari/537.36"
162.128.185.114 - - [08/Apr/2026:16:33:34 -0400] "POST /wp-login.php/wp-login.php HTTP/1.1" 200 446 "-" "Mozilla"
207.180.11.233 - - [08/Apr/2026:16:33:54 -0400] "GET /wp-json/oembed/1.0/embed?format=xml&url=https%3A%2F%2Ffadyfun.saifookhan.com%2Fn8-casino-login-access-your-favorite-games-instant%2F HTTP/1.1" 200 446 "-" "Mozilla/5.0 (Macintosh; Intel Mac OS X 10_15_7) AppleWebKit/537.36 (KHTML, like Gecko) Chrome/135.0.0.0 Safari/537.36"
14.179.73.95 - - [08/Apr/2026:16:34:45 -0400] "GET /2021/11/ HTTP/1.1" 200 446 "-" "Mozilla/5.0 (Windows NT 10.0; Win64; x64) AppleWebKit/537.36 (KHTML, like Gecko) Brave Chrome/87.0.4280.141 Safari/537.36"
168.245.206.53 - - [08/Apr/2026:16:36:48 -0400] "GET /vipzino-promo-code-maximize-your-online-casino-experience-now/ HTTP/1.1" 200 446 "https://fadyfun.saifookhan.com/" "Mozilla/5.0 (Macintosh; Intel Mac OS X 12_5) AppleWebKit/537.36 (KHTML, like Gecko) Chrome/114.0.0.0 YaBrowser/22.7.0 Yowser/2.5 Safari/537.36"
157.15.40.28 - - [08/Apr/2026:16:38:58 -0400] "GET /wp-includes/assets/ HTTP/1.1" 200 446 "-" "Mozilla/5.0 (Macintosh; Intel Mac OS X 10_15_7) AppleWebKit/537.36 (KHTML, like Gecko) Chrome/120.0.0.0 Safari/537.36"
157.15.40.28 - - [08/Apr/2026:16:38:59 -0400] "GET /wp-includes/assets/index.php HTTP/1.1" 503 856 "-" "Mozilla/5.0 (Macintosh; Intel Mac OS X 10_15_7) AppleWebKit/537.36 (KHTML, like Gecko) Chrome/120.0.0.0 Safari/537.36"
157.15.40.28 - - [08/Apr/2026:16:38:59 -0400] "GET /wp-includes/assets/index.php HTTP/1.1" 503 856 "-" "Mozilla/5.0 (Macintosh; Intel Mac OS X 10_15_7) AppleWebKit/537.36 (KHTML, like Gecko) Chrome/120.0.0.0 Safari/537.36"
157.15.40.28 - - [08/Apr/2026:16:39:02 -0400] "GET /wp-includes/assets/index.php HTTP/1.1" 503 856 "-" "Mozilla/5.0 (Macintosh; Intel Mac OS X 10_15_7) AppleWebKit/537.36 (KHTML, like Gecko) Chrome/120.0.0.0 Safari/537.36"
157.15.40.28 - - [08/Apr/2026:16:39:07 -0400] "GET /wp-includes/assets/index.php HTTP/1.1" 503 856 "-" "Mozilla/5.0 (Macintosh; Intel Mac OS X 10_15_7) AppleWebKit/537.36 (KHTML, like Gecko) Chrome/120.0.0.0 Safari/537.36"
157.15.40.28 - - [08/Apr/2026:16:39:11 -0400] "GET /wp-includes/assets/index.php HTTP/1.1" 503 856 "-" "Mozilla/5.0 (Macintosh; Intel Mac OS X 10_15_7) AppleWebKit/537.36 (KHTML, like Gecko) Chrome/120.0.0.0 Safari/537.36"
157.15.40.28 - - [08/Apr/2026:16:39:12 -0400] "GET /wp-includes/assets/index.php HTTP/1.1" 503 856 "-" "Mozilla/5.0 (Macintosh; Intel Mac OS X 10_15_7) AppleWebKit/537.36 (KHTML, like Gecko) Chrome/120.0.0.0 Safari/537.36"
157.15.40.28 - - [08/Apr/2026:16:39:15 -0400] "GET /wp-includes/assets/index.php HTTP/1.1" 503 856 "-" "Mozilla/5.0 (Macintosh; Intel Mac OS X 10_15_7) AppleWebKit/537.36 (KHTML, like Gecko) Chrome/120.0.0.0 Safari/537.36"
157.15.40.28 - - [08/Apr/2026:16:39:20 -0400] "GET /wp-includes/assets/index.php HTTP/1.1" 503 856 "-" "Mozilla/5.0 (Macintosh; Intel Mac OS X 10_15_7) AppleWebKit/537.36 (KHTML, like Gecko) Chrome/120.0.0.0 Safari/537.36"
157.15.40.28 - - [08/Apr/2026:16:39:25 -0400] "GET /wp-includes/assets/index.php HTTP/1.1" 503 856 "-" "Mozilla/5.0 (Macintosh; Intel Mac OS X 10_15_7) AppleWebKit/537.36 (KHTML, like Gecko) Chrome/120.0.0.0 Safari/537.36"
157.15.40.28 - - [08/Apr/2026:16:39:25 -0400] "GET /wp-includes/assets/index.php HTTP/1.1" 503 856 "-" "Mozilla/5.0 (Macintosh; Intel Mac OS X 10_15_7) AppleWebKit/537.36 (KHTML, like Gecko) Chrome/120.0.0.0 Safari/537.36"
157.15.40.28 - - [08/Apr/2026:16:39:29 -0400] "GET /wp-includes/assets/index.php HTTP/1.1" 503 856 "-" "Mozilla/5.0 (Macintosh; Intel Mac OS X 10_15_7) AppleWebKit/537.36 (KHTML, like Gecko) Chrome/120.0.0.0 Safari/537.36"
157.15.40.28 - - [08/Apr/2026:16:39:34 -0400] "GET /wp-includes/assets/index.php HTTP/1.1" 503 856 "-" "Mozilla/5.0 (Macintosh; Intel Mac OS X 10_15_7) AppleWebKit/537.36 (KHTML, like Gecko) Chrome/120.0.0.0 Safari/537.36"
157.15.40.28 - - [08/Apr/2026:16:39:38 -0400] "GET /wp-includes/assets/php.php HTTP/1.1" 503 856 "-" "Mozilla/5.0 (Macintosh; Intel Mac OS X 10_15_7) AppleWebKit/537.36 (KHTML, like Gecko) Chrome/120.0.0.0 Safari/537.36"
157.15.40.28 - - [08/Apr/2026:16:39:39 -0400] "GET /wp-includes/assets/php.php HTTP/1.1" 503 856 "-" "Mozilla/5.0 (Macintosh; Intel Mac OS X 10_15_7) AppleWebKit/537.36 (KHTML, like Gecko) Chrome/120.0.0.0 Safari/537.36"
157.15.40.28 - - [08/Apr/2026:16:39:42 -0400] "GET /wp-includes/assets/php.php HTTP/1.1" 503 856 "-" "Mozilla/5.0 (Macintosh; Intel Mac OS X 10_15_7) AppleWebKit/537.36 (KHTML, like Gecko) Chrome/120.0.0.0 Safari/537.36"
157.15.40.28 - - [08/Apr/2026:16:39:47 -0400] "GET /wp-includes/assets/php.php HTTP/1.1" 503 856 "-" "Mozilla/5.0 (Macintosh; Intel Mac OS X 10_15_7) AppleWebKit/537.36 (KHTML, like Gecko) Chrome/120.0.0.0 Safari/537.36"
157.15.40.28 - - [08/Apr/2026:16:39:49 -0400] "GET /wp-includes/assets/php.php HTTP/1.1" 503 856 "-" "Mozilla/5.0 (Macintosh; Intel Mac OS X 10_15_7) AppleWebKit/537.36 (KHTML, like Gecko) Chrome/120.0.0.0 Safari/537.36"
157.15.40.28 - - [08/Apr/2026:16:39:49 -0400] "GET /wp-includes/assets/php.php HTTP/1.1" 503 856 "-" "Mozilla/5.0 (Macintosh; Intel Mac OS X 10_15_7) AppleWebKit/537.36 (KHTML, like Gecko) Chrome/120.0.0.0 Safari/537.36"
157.15.40.28 - - [08/Apr/2026:16:39:53 -0400] "GET /wp-includes/assets/php.php HTTP/1.1" 503 856 "-" "Mozilla/5.0 (Macintosh; Intel Mac OS X 10_15_7) AppleWebKit/537.36 (KHTML, like Gecko) Chrome/120.0.0.0 Safari/537.36"
157.15.40.28 - - [08/Apr/2026:16:39:58 -0400] "GET /wp-includes/assets/php.php HTTP/1.1" 503 856 "-" "Mozilla/5.0 (Macintosh; Intel Mac OS X 10_15_7) AppleWebKit/537.36 (KHTML, like Gecko) Chrome/120.0.0.0 Safari/537.36"
157.15.40.28 - - [08/Apr/2026:16:40:04 -0400] "GET /wp-includes/assets/php.php HTTP/1.1" 503 856 "-" "Mozilla/5.0 (Macintosh; Intel Mac OS X 10_15_7) AppleWebKit/537.36 (KHTML, like Gecko) Chrome/120.0.0.0 Safari/537.36"
157.15.40.28 - - [08/Apr/2026:16:40:05 -0400] "GET /wp-includes/assets/php.php HTTP/1.1" 503 856 "-" "Mozilla/5.0 (Macintosh; Intel Mac OS X 10_15_7) AppleWebKit/537.36 (KHTML, like Gecko) Chrome/120.0.0.0 Safari/537.36"
157.15.40.28 - - [08/Apr/2026:16:40:11 -0400] "GET /wp-includes/assets/php.php HTTP/1.1" 503 856 "-" "Mozilla/5.0 (Macintosh; Intel Mac OS X 10_15_7) AppleWebKit/537.36 (KHTML, like Gecko) Chrome/120.0.0.0 Safari/537.36"
157.15.40.28 - - [08/Apr/2026:16:40:16 -0400] "GET /wp-includes/assets/php.php HTTP/1.1" 503 856 "-" "Mozilla/5.0 (Macintosh; Intel Mac OS X 10_15_7) AppleWebKit/537.36 (KHTML, like Gecko) Chrome/120.0.0.0 Safari/537.36"
157.15.40.28 - - [08/Apr/2026:16:40:20 -0400] "GET /wp-includes/assets/shell.php HTTP/1.1" 503 856 "-" "Mozilla/5.0 (Macintosh; Intel Mac OS X 10_15_7) AppleWebKit/537.36 (KHTML, like Gecko) Chrome/120.0.0.0 Safari/537.36"
157.15.40.28 - - [08/Apr/2026:16:40:22 -0400] "GET /wp-includes/assets/shell.php HTTP/1.1" 503 856 "-" "Mozilla/5.0 (Macintosh; Intel Mac OS X 10_15_7) AppleWebKit/537.36 (KHTML, like Gecko) Chrome/120.0.0.0 Safari/537.36"
157.15.40.28 - - [08/Apr/2026:16:40:27 -0400] "GET /wp-includes/assets/shell.php HTTP/1.1" 503 856 "-" "Mozilla/5.0 (Macintosh; Intel Mac OS X 10_15_7) AppleWebKit/537.36 (KHTML, like Gecko) Chrome/120.0.0.0 Safari/537.36"
157.15.40.28 - - [08/Apr/2026:16:40:31 -0400] "GET /wp-includes/assets/shell.php HTTP/1.1" 503 856 "-" "Mozilla/5.0 (Macintosh; Intel Mac OS X 10_15_7) AppleWebKit/537.36 (KHTML, like Gecko) Chrome/120.0.0.0 Safari/537.36"
157.15.40.28 - - [08/Apr/2026:16:40:34 -0400] "GET /wp-includes/assets/shell.php HTTP/1.1" 503 856 "-" "Mozilla/5.0 (Macintosh; Intel Mac OS X 10_15_7) AppleWebKit/537.36 (KHTML, like Gecko) Chrome/120.0.0.0 Safari/537.36"
